CRAN Package Check Results for Package gglasso

Last updated on 2025-05-08 04:52:06 CEST.

Flavor Version Tinstall Tcheck Ttotal Status Flags
r-devel-linux-x86_64-debian-clang 1.5.1 8.39 57.22 65.61 NOTE
r-devel-linux-x86_64-debian-gcc 1.5.1 6.89 33.63 40.52 NOTE
r-devel-linux-x86_64-fedora-clang 1.5.1 98.27 OK
r-devel-linux-x86_64-fedora-gcc 1.5.1 104.18 OK
r-devel-windows-x86_64 1.5.1 12.00 81.00 93.00 OK
r-patched-linux-x86_64 1.5.1 10.43 42.41 52.84 OK
r-release-linux-x86_64 1.5.1 9.83 42.88 52.71 OK
r-release-macos-arm64 1.5.1 47.00 OK
r-release-macos-x86_64 1.5.1 86.00 OK
r-release-windows-x86_64 1.5.1 13.00 84.00 97.00 OK
r-oldrel-macos-arm64 1.5.1 47.00 OK
r-oldrel-macos-x86_64 1.5.1 54.00 OK
r-oldrel-windows-x86_64 1.5.1 12.00 93.00 105.00 OK

Check Details

Version: 1.5.1
Check: CRAN incoming feasibility
Result: NOTE Maintainer: ‘Yi Yang <yi.yang6@mcgill.ca>’ The Description field contains package is an implementation of Yang, Y. and Zou, H. (2015) DOI: Please write DOIs as <doi:prefix/suffix>. Flavors: r-devel-linux-x86_64-debian-clang, r-devel-linux-x86_64-debian-gcc

These binaries (installable software) and packages are in development.
They may not be fully stable and should be used with caution. We make no claims about them.