CRAN Package Check Results for Package gglinedensity

Last updated on 2025-07-05 19:50:34 CEST.

Flavor Version Tinstall Tcheck Ttotal Status Flags
r-devel-linux-x86_64-debian-clang 0.2.0 172.93 37.38 210.31 OK
r-devel-linux-x86_64-debian-gcc 0.2.0 137.84 27.40 165.24 OK
r-devel-linux-x86_64-fedora-clang 0.2.0 303.59 NOTE
r-devel-linux-x86_64-fedora-gcc 0.2.0 301.46 NOTE
r-devel-windows-x86_64 0.2.0 255.00 73.00 328.00 OK
r-patched-linux-x86_64 0.2.0 174.59 33.36 207.95 OK
r-release-linux-x86_64 0.2.0 171.98 33.85 205.83 OK
r-release-macos-arm64 0.2.0 116.00 OK
r-release-macos-x86_64 0.2.0 109.00 OK
r-release-windows-x86_64 0.2.0 272.00 69.00 341.00 OK
r-oldrel-macos-arm64 0.2.0 107.00 OK
r-oldrel-macos-x86_64 0.2.0 120.00 OK
r-oldrel-windows-x86_64 0.2.0 310.00 83.00 393.00 OK

Check Details

Version: 0.2.0
Check: dependencies in R code
Result: NOTE Namespace in Imports field not imported from: ‘vdiffr’ All declared Imports should be used. Flavors: r-devel-linux-x86_64-fedora-clang, r-devel-linux-x86_64-fedora-gcc

These binaries (installable software) and packages are in development.
They may not be fully stable and should be used with caution. We make no claims about them.