Last updated on 2025-10-03 03:50:41 CEST.
Flavor | Version | Tinstall | Tcheck | Ttotal | Status | Flags |
---|---|---|---|---|---|---|
r-devel-linux-x86_64-debian-clang | 0.2.0 | 173.28 | 41.90 | 215.18 | OK | |
r-devel-linux-x86_64-debian-gcc | 0.2.0 | 136.13 | 33.24 | 169.37 | OK | |
r-devel-linux-x86_64-fedora-clang | 0.2.0 | 308.12 | NOTE | |||
r-devel-linux-x86_64-fedora-gcc | 0.2.0 | 319.27 | NOTE | |||
r-devel-windows-x86_64 | 0.2.0 | 296.00 | 74.00 | 370.00 | OK | |
r-patched-linux-x86_64 | 0.2.0 | 168.95 | 39.74 | 208.69 | OK | |
r-release-linux-x86_64 | 0.2.0 | 172.74 | 39.31 | 212.05 | OK | |
r-release-macos-arm64 | 0.2.0 | 116.00 | OK | |||
r-release-macos-x86_64 | 0.2.0 | 109.00 | OK | |||
r-release-windows-x86_64 | 0.2.0 | 271.00 | 74.00 | 345.00 | OK | |
r-oldrel-macos-arm64 | 0.2.0 | 107.00 | OK | |||
r-oldrel-macos-x86_64 | 0.2.0 | 120.00 | OK | |||
r-oldrel-windows-x86_64 | 0.2.0 | 325.00 | 89.00 | 414.00 | OK |
Version: 0.2.0
Check: dependencies in R code
Result: NOTE
Namespace in Imports field not imported from: ‘vdiffr’
All declared Imports should be used.
Flavors: r-devel-linux-x86_64-fedora-clang, r-devel-linux-x86_64-fedora-gcc
These binaries (installable software) and packages are in development.
They may not be fully stable and should be used with caution. We make no claims about them.