CRAN Package Check Results for Package gglm

Last updated on 2025-05-01 12:49:29 CEST.

Flavor Version Tinstall Tcheck Ttotal Status Flags
r-devel-linux-x86_64-debian-clang 1.0.4 6.48 64.55 71.03 NOTE
r-devel-linux-x86_64-debian-gcc 1.0.4 4.45 46.17 50.62 OK
r-devel-linux-x86_64-fedora-clang 1.0.4 114.94 OK
r-devel-linux-x86_64-fedora-gcc 1.0.4 106.03 OK
r-devel-windows-x86_64 1.0.4 8.00 76.00 84.00 OK
r-patched-linux-x86_64 1.0.4 6.52 58.88 65.40 OK
r-release-linux-x86_64 OK
r-release-macos-arm64 1.0.4 32.00 OK
r-release-macos-x86_64 1.0.4 63.00 OK
r-release-windows-x86_64 1.0.4 8.00 77.00 85.00 OK
r-oldrel-macos-arm64 1.0.4 38.00 OK
r-oldrel-macos-x86_64 1.0.4 55.00 OK
r-oldrel-windows-x86_64 1.0.4 11.00 93.00 104.00 OK

Check Details

Version: 1.0.4
Check: examples
Result: NOTE Examples with CPU (user + system) or elapsed time > 5s user system elapsed gglm 2.503 0.16 5.316 Flavor: r-devel-linux-x86_64-debian-clang

These binaries (installable software) and packages are in development.
They may not be fully stable and should be used with caution. We make no claims about them.