Last updated on 2025-10-03 07:49:42 CEST.
Flavor | Version | Tinstall | Tcheck | Ttotal | Status | Flags |
---|---|---|---|---|---|---|
r-devel-linux-x86_64-debian-clang | 4.0.2 | 12.36 | 89.24 | 101.60 | OK | |
r-devel-linux-x86_64-debian-gcc | 4.0.2 | 8.04 | 61.60 | 69.64 | OK | |
r-devel-linux-x86_64-fedora-clang | 4.0.2 | 144.72 | OK | |||
r-devel-linux-x86_64-fedora-gcc | 4.0.2 | 136.31 | OK | |||
r-devel-windows-x86_64 | 4.0.2 | 14.00 | 100.00 | 114.00 | OK | |
r-patched-linux-x86_64 | 4.0.2 | 13.68 | 81.27 | 94.95 | OK | |
r-release-linux-x86_64 | 4.0.2 | 12.52 | 81.96 | 94.48 | OK | |
r-release-macos-arm64 | 4.0.2 | 42.00 | OK | |||
r-release-macos-x86_64 | 4.0.2 | 92.00 | OK | |||
r-release-windows-x86_64 | 4.0.2 | 14.00 | 103.00 | 117.00 | OK | |
r-oldrel-macos-arm64 | 4.0.2 | 48.00 | OK | |||
r-oldrel-macos-x86_64 | 4.0.2 | 91.00 | NOTE | |||
r-oldrel-windows-x86_64 | 4.0.2 | 19.00 | 124.00 | 143.00 | OK |
Version: 4.0.2
Check: installed package size
Result: NOTE
installed size is 5.6Mb
sub-directories of 1Mb or more:
data 5.1Mb
Flavor: r-oldrel-macos-x86_64
These binaries (installable software) and packages are in development.
They may not be fully stable and should be used with caution. We make no claims about them.