Last updated on 2025-02-16 10:50:47 CET.
Flavor | Version | Tinstall | Tcheck | Ttotal | Status | Flags |
---|---|---|---|---|---|---|
r-devel-linux-x86_64-debian-clang | 4.0.0 | 10.98 | 68.40 | 79.38 | NOTE | |
r-devel-linux-x86_64-debian-gcc | 4.0.0 | 6.75 | 46.88 | 53.63 | NOTE | |
r-devel-linux-x86_64-fedora-clang | 4.0.0 | 131.01 | OK | |||
r-devel-linux-x86_64-fedora-gcc | 4.0.0 | 116.88 | OK | |||
r-devel-macos-arm64 | 4.0.0 | 39.00 | OK | |||
r-devel-macos-x86_64 | 4.0.0 | 79.00 | OK | |||
r-devel-windows-x86_64 | 4.0.0 | 14.00 | 90.00 | 104.00 | NOTE | |
r-patched-linux-x86_64 | 4.0.0 | 17.55 | 63.52 | 81.07 | OK | |
r-release-linux-x86_64 | 4.0.0 | 9.62 | 63.53 | 73.15 | OK | |
r-release-macos-arm64 | 4.0.0 | 44.00 | OK | |||
r-release-macos-x86_64 | 4.0.0 | 56.00 | OK | |||
r-release-windows-x86_64 | 4.0.0 | 14.00 | 88.00 | 102.00 | OK | |
r-oldrel-macos-arm64 | 4.0.0 | 43.00 | OK | |||
r-oldrel-macos-x86_64 | 4.0.0 | 117.00 | OK | |||
r-oldrel-windows-x86_64 | 4.0.0 | 17.00 | 103.00 | 120.00 | OK |
Version: 4.0.0
Check: Rd cross-references
Result: NOTE
Found the following Rd file(s) with Rd \link{} targets missing package
anchors:
geom_leg.Rd: geom_segment
inset.Rd: annotation_custom
legs2route.Rd: geom_path
qmplot.Rd: facet_wrap, facet_grid
Please provide package anchors for all Rd \link{} targets not in the
package itself and the base packages.
Flavors: r-devel-linux-x86_64-debian-clang, r-devel-linux-x86_64-debian-gcc, r-devel-windows-x86_64
These binaries (installable software) and packages are in development.
They may not be fully stable and should be used with caution. We make no claims about them.