Last updated on 2025-11-13 17:50:35 CET.
| Flavor | Version | Tinstall | Tcheck | Ttotal | Status | Flags |
|---|---|---|---|---|---|---|
| r-devel-linux-x86_64-debian-clang | 0.4.0 | 8.29 | 113.71 | 122.00 | NOTE | |
| r-devel-linux-x86_64-debian-gcc | 0.4.0 | 6.21 | 82.97 | 89.18 | NOTE | |
| r-devel-linux-x86_64-fedora-clang | 0.4.0 | 37.00 | 150.80 | 187.80 | NOTE | |
| r-devel-linux-x86_64-fedora-gcc | 0.4.0 | 24.00 | 165.69 | 189.69 | NOTE | |
| r-devel-windows-x86_64 | 0.4.0 | 11.00 | 110.00 | 121.00 | NOTE | |
| r-patched-linux-x86_64 | 0.4.0 | 8.77 | 105.08 | 113.85 | NOTE | |
| r-release-linux-x86_64 | 0.4.0 | 8.00 | 106.08 | 114.08 | NOTE | |
| r-release-macos-arm64 | 0.4.0 | 5.00 | 102.00 | 107.00 | NOTE | |
| r-release-macos-x86_64 | 0.4.0 | 6.00 | 90.00 | 96.00 | NOTE | |
| r-release-windows-x86_64 | 0.4.0 | 10.00 | 108.00 | 118.00 | NOTE | |
| r-oldrel-macos-arm64 | 0.4.0 | 3.00 | 50.00 | 53.00 | OK | |
| r-oldrel-macos-x86_64 | 0.4.0 | 6.00 | 85.00 | 91.00 | OK | |
| r-oldrel-windows-x86_64 | 0.4.0 | 13.00 | 136.00 | 149.00 | OK |
Version: 0.4.0
Check: DESCRIPTION meta-information
Result: NOTE
Missing dependency on R >= 4.1.0 because package code uses the pipe
|> or function shorthand \(...) syntax added in R 4.1.0.
File(s) using such syntax:
‘inset_shape_circle.R’ ‘inset_shape_rectangle.R’ ‘inset_shape_sf.R’
Flavors: r-devel-linux-x86_64-debian-clang, r-devel-linux-x86_64-debian-gcc, r-devel-linux-x86_64-fedora-clang, r-devel-linux-x86_64-fedora-gcc, r-devel-windows-x86_64, r-patched-linux-x86_64, r-release-linux-x86_64, r-release-macos-arm64, r-release-macos-x86_64, r-release-windows-x86_64
These binaries (installable software) and packages are in development.
They may not be fully stable and should be used with caution. We make no claims about them.