CRAN Package Check Results for Package ggmcmc

Last updated on 2025-10-03 05:53:33 CEST.

Flavor Version Tinstall Tcheck Ttotal Status Flags
r-devel-linux-x86_64-debian-clang 1.5.1.1 9.12 153.61 162.73 ERROR
r-devel-linux-x86_64-debian-gcc 1.5.1.1 5.87 110.51 116.38 ERROR
r-devel-linux-x86_64-fedora-clang 1.5.1.2 414.25 OK
r-devel-linux-x86_64-fedora-gcc 1.5.1.2 322.45 OK
r-devel-windows-x86_64 1.5.1.1 10.00 168.00 178.00 ERROR
r-patched-linux-x86_64 1.5.1.1 8.62 146.92 155.54 ERROR
r-release-linux-x86_64 1.5.1.1 9.03 148.49 157.52 ERROR
r-release-macos-arm64 1.5.1.1 86.00 OK
r-release-macos-x86_64 1.5.1.2 244.00 OK
r-release-windows-x86_64 1.5.1.1 11.00 171.00 182.00 ERROR
r-oldrel-macos-arm64 1.5.1.1 73.00 OK
r-oldrel-macos-x86_64 1.5.1.2 184.00 OK
r-oldrel-windows-x86_64 1.5.1.2 15.00 245.00 260.00 OK

Check Details

Version: 1.5.1.1
Check: re-building of vignette outputs
Result: ERROR Error(s) in re-building vignettes: ... --- re-building ‘using_ggmcmc.Rmd’ using rmarkdown Quitting from using_ggmcmc.Rmd:385-387 [pairs] ~~~~~~~~~~~~~~~~~~~~~~~~~~~~~~~~~~~~~~~~~~~~~~~~~~~~~~~~~~~~~~~~~~~~~~~~~~~~~~~~ NULL ~~~~~~~~~~~~~~~~~~~~~~~~~~~~~~~~~~~~~~~~~~~~~~~~~~~~~~~~~~~~~~~~~~~~~~~~~~~~~~~~ Error: processing vignette 'using_ggmcmc.Rmd' failed with diagnostics: Problem while computing stat. ℹ Error occurred in the 2nd layer. Caused by error in `compute_layer()`: ! The package "MASS" is required for calculating 2D density. --- failed re-building ‘using_ggmcmc.Rmd’ --- re-building ‘v70i09.Rnw’ using knitr --- finished re-building ‘v70i09.Rnw’ SUMMARY: processing the following file failed: ‘using_ggmcmc.Rmd’ Error: Vignette re-building failed. Execution halted Flavors: r-devel-linux-x86_64-debian-clang, r-devel-linux-x86_64-debian-gcc, r-patched-linux-x86_64, r-release-linux-x86_64

Version: 1.5.1.1
Check: re-building of vignette outputs
Result: ERROR Error(s) in re-building vignettes: --- re-building 'using_ggmcmc.Rmd' using rmarkdown Quitting from using_ggmcmc.Rmd:385-387 [pairs] ~~~~~~~~~~~~~~~~~~~~~~~~~~~~~~~~~~~~~~~~~~~~~~~~~~~~~~~~~~~~~~~~~~~~~~~~~~~~~~~~ NULL ~~~~~~~~~~~~~~~~~~~~~~~~~~~~~~~~~~~~~~~~~~~~~~~~~~~~~~~~~~~~~~~~~~~~~~~~~~~~~~~~ Error: processing vignette 'using_ggmcmc.Rmd' failed with diagnostics: Problem while computing stat. ℹ Error occurred in the 2nd layer. Caused by error in `compute_layer()`: ! The package "MASS" is required for calculating 2D density. --- failed re-building 'using_ggmcmc.Rmd' --- re-building 'v70i09.Rnw' using knitr --- finished re-building 'v70i09.Rnw' SUMMARY: processing the following file failed: 'using_ggmcmc.Rmd' Error: Vignette re-building failed. Execution halted Flavors: r-devel-windows-x86_64, r-release-windows-x86_64

These binaries (installable software) and packages are in development.
They may not be fully stable and should be used with caution. We make no claims about them.