Last updated on 2025-04-16 00:49:41 CEST.
Flavor | Version | Tinstall | Tcheck | Ttotal | Status | Flags |
---|---|---|---|---|---|---|
r-devel-linux-x86_64-debian-clang | 0.1.0 | 3.59 | 113.38 | 116.97 | NOTE | |
r-devel-linux-x86_64-debian-gcc | 0.1.0 | 2.36 | 81.01 | 83.37 | NOTE | |
r-devel-linux-x86_64-fedora-clang | 0.1.0 | 179.92 | OK | |||
r-devel-linux-x86_64-fedora-gcc | 0.1.0 | 173.57 | OK | |||
r-devel-windows-x86_64 | 0.1.0 | 5.00 | 117.00 | 122.00 | NOTE | |
r-patched-linux-x86_64 | 0.1.0 | 3.61 | 109.19 | 112.80 | NOTE | |
r-release-linux-x86_64 | 0.1.0 | 2.89 | 111.37 | 114.26 | NOTE | |
r-release-macos-arm64 | 0.1.0 | 54.00 | OK | |||
r-release-macos-x86_64 | 0.1.0 | 96.00 | OK | |||
r-release-windows-x86_64 | 0.1.0 | 5.00 | 112.00 | 117.00 | NOTE | |
r-oldrel-macos-arm64 | 0.1.0 | 50.00 | OK | |||
r-oldrel-macos-x86_64 | 0.1.0 | 83.00 | OK | |||
r-oldrel-windows-x86_64 | 0.1.0 | 7.00 | 144.00 | 151.00 | OK |
Version: 0.1.0
Check: Rd cross-references
Result: NOTE
Found the following Rd file(s) with Rd \link{} targets missing package
anchors:
theme_mice.Rd: mice, ggplot2
theme_minimice.Rd: mice, ggplot2
Please provide package anchors for all Rd \link{} targets not in the
package itself and the base packages.
Flavors: r-devel-linux-x86_64-debian-clang, r-devel-linux-x86_64-debian-gcc, r-devel-windows-x86_64, r-patched-linux-x86_64, r-release-linux-x86_64, r-release-windows-x86_64
These binaries (installable software) and packages are in development.
They may not be fully stable and should be used with caution. We make no claims about them.