Last updated on 2025-02-16 10:50:47 CET.
Flavor | Version | Tinstall | Tcheck | Ttotal | Status | Flags |
---|---|---|---|---|---|---|
r-devel-linux-x86_64-debian-clang | 0.3.3 | 8.29 | 81.31 | 89.60 | NOTE | |
r-devel-linux-x86_64-debian-gcc | 0.3.3 | 5.97 | 57.96 | 63.93 | NOTE | |
r-devel-linux-x86_64-fedora-clang | 0.3.3 | 143.92 | NOTE | |||
r-devel-linux-x86_64-fedora-gcc | 0.3.3 | 148.97 | NOTE | |||
r-devel-macos-arm64 | 0.3.3 | 51.00 | NOTE | |||
r-devel-macos-x86_64 | 0.3.3 | 94.00 | NOTE | |||
r-devel-windows-x86_64 | 0.3.3 | 10.00 | 105.00 | 115.00 | NOTE | |
r-patched-linux-x86_64 | 0.3.3 | 7.43 | 76.48 | 83.91 | NOTE | |
r-release-linux-x86_64 | 0.3.3 | 5.80 | 74.56 | 80.36 | NOTE | |
r-release-macos-arm64 | 0.3.3 | 48.00 | NOTE | |||
r-release-macos-x86_64 | 0.3.3 | 78.00 | NOTE | |||
r-release-windows-x86_64 | 0.3.3 | 13.00 | 98.00 | 111.00 | NOTE | |
r-oldrel-macos-arm64 | 0.3.3 | 51.00 | NOTE | |||
r-oldrel-macos-x86_64 | 0.3.3 | 79.00 | NOTE | |||
r-oldrel-windows-x86_64 | 0.3.3 | 14.00 | 116.00 | 130.00 | NOTE |
Version: 0.3.3
Check: dependencies in R code
Result: NOTE
':::' call which should be '::': ‘scales:::censor’
See the note in ?`:::` about the use of this operator.
Unexported object imported by a ':::' call: ‘productplots:::bound’
See the note in ?`:::` about the use of this operator.
Flavors: r-devel-linux-x86_64-debian-clang, r-devel-linux-x86_64-debian-gcc, r-devel-linux-x86_64-fedora-clang, r-devel-linux-x86_64-fedora-gcc, r-devel-macos-arm64, r-devel-macos-x86_64, r-devel-windows-x86_64, r-patched-linux-x86_64, r-release-linux-x86_64, r-release-macos-arm64, r-release-macos-x86_64, r-release-windows-x86_64, r-oldrel-macos-arm64, r-oldrel-macos-x86_64, r-oldrel-windows-x86_64
These binaries (installable software) and packages are in development.
They may not be fully stable and should be used with caution. We make no claims about them.