Last updated on 2024-07-27 15:50:18 CEST.
Flavor | Version | Tinstall | Tcheck | Ttotal | Status | Flags |
---|---|---|---|---|---|---|
r-devel-linux-x86_64-debian-clang | 1.0.7 | 10.89 | 163.55 | 174.44 | OK | |
r-devel-linux-x86_64-debian-gcc | 1.0.7 | NOTE | ||||
r-devel-linux-x86_64-fedora-clang | 1.0.7 | 225.48 | OK | |||
r-devel-linux-x86_64-fedora-gcc | 1.0.7 | 218.63 | OK | |||
r-devel-windows-x86_64 | 1.0.7 | 13.00 | 136.00 | 149.00 | NOTE | |
r-patched-linux-x86_64 | 1.0.7 | OK | ||||
r-release-linux-x86_64 | 1.0.7 | 7.60 | 152.64 | 160.24 | OK | |
r-release-macos-arm64 | 1.0.7 | 66.00 | OK | |||
r-release-macos-x86_64 | 1.0.7 | 105.00 | OK | |||
r-release-windows-x86_64 | 1.0.7 | 11.00 | 134.00 | 145.00 | OK | |
r-oldrel-macos-arm64 | 1.0.7 | 70.00 | OK | |||
r-oldrel-macos-x86_64 | 1.0.7 | 150.00 | OK | |||
r-oldrel-windows-x86_64 | 1.0.7 | 15.00 | 167.00 | 182.00 | OK |
Version: 1.0.7
Check: Rd cross-references
Result: NOTE
Found the following Rd file(s) with Rd \link{} targets missing package
anchors:
geom_density_.Rd: geom_density
geom_hist_.Rd: geom_histogram
position_dodge_.Rd: position_dodge
position_stack_.Rd: position_stack
Please provide package anchors for all Rd \link{} targets not in the
package itself and the base packages.
Flavors: r-devel-linux-x86_64-debian-gcc, r-devel-windows-x86_64
These binaries (installable software) and packages are in development.
They may not be fully stable and should be used with caution. We make no claims about them.