Last updated on 2025-05-01 15:49:32 CEST.
Flavor | Version | Tinstall | Tcheck | Ttotal | Status | Flags |
---|---|---|---|---|---|---|
r-devel-linux-x86_64-debian-clang | 1.0.7 | 10.16 | 131.31 | 141.47 | NOTE | |
r-devel-linux-x86_64-debian-gcc | 1.0.7 | 5.91 | 91.95 | 97.86 | NOTE | |
r-devel-linux-x86_64-fedora-clang | 1.0.7 | 215.21 | OK | |||
r-devel-linux-x86_64-fedora-gcc | 1.0.7 | 225.10 | OK | |||
r-devel-windows-x86_64 | 1.0.7 | 10.00 | 148.00 | 158.00 | NOTE | |
r-patched-linux-x86_64 | 1.0.7 | 11.86 | 127.16 | 139.02 | NOTE | |
r-release-linux-x86_64 | NOTE | |||||
r-release-macos-arm64 | 1.0.7 | 71.00 | OK | |||
r-release-macos-x86_64 | 1.0.7 | 128.00 | OK | |||
r-release-windows-x86_64 | 1.0.7 | 11.00 | 153.00 | 164.00 | NOTE | |
r-oldrel-macos-arm64 | 1.0.7 | 66.00 | OK | |||
r-oldrel-macos-x86_64 | 1.0.7 | 105.00 | OK | |||
r-oldrel-windows-x86_64 | 1.0.7 | 14.00 | 181.00 | 195.00 | OK |
Version: 1.0.7
Check: Rd cross-references
Result: NOTE
Found the following Rd file(s) with Rd \link{} targets missing package
anchors:
geom_density_.Rd: geom_density
geom_hist_.Rd: geom_histogram
position_dodge_.Rd: position_dodge
position_stack_.Rd: position_stack
Please provide package anchors for all Rd \link{} targets not in the
package itself and the base packages.
Flavors: r-devel-linux-x86_64-debian-clang, r-devel-linux-x86_64-debian-gcc, r-devel-windows-x86_64, r-patched-linux-x86_64, r-release-linux-x86_64, r-release-windows-x86_64
Version: 1.0.7
Check: examples
Result: NOTE
Examples with CPU (user + system) or elapsed time > 5s
user system elapsed
geom_density_ 4.007 0.152 6.809
Flavor: r-devel-linux-x86_64-debian-clang
These binaries (installable software) and packages are in development.
They may not be fully stable and should be used with caution. We make no claims about them.