CRAN Package Check Results for Package ggnetwork

Last updated on 2025-10-23 17:50:49 CEST.

Flavor Version Tinstall Tcheck Ttotal Status Flags
r-devel-linux-x86_64-debian-clang 0.5.14 6.15 105.25 111.40 NOTE
r-devel-linux-x86_64-debian-gcc 0.5.14 4.58 74.65 79.23 OK
r-devel-linux-x86_64-fedora-clang 0.5.14 18.00 151.42 169.42 OK
r-devel-linux-x86_64-fedora-gcc 0.5.14 13.00 151.78 164.78 OK
r-devel-windows-x86_64 0.5.14 9.00 97.00 106.00 OK
r-patched-linux-x86_64 0.5.14 5.82 101.13 106.95 OK
r-release-linux-x86_64 0.5.14 5.85 100.84 106.69 OK
r-release-macos-arm64 0.5.14 3.00 41.00 44.00 OK
r-release-macos-x86_64 0.5.14 6.00 89.00 95.00 OK
r-release-windows-x86_64 0.5.14 11.00 99.00 110.00 OK
r-oldrel-macos-arm64 0.5.14 3.00 45.00 48.00 OK
r-oldrel-macos-x86_64 0.5.14 4.00 94.00 98.00 OK
r-oldrel-windows-x86_64 0.5.14 12.00 129.00 141.00 OK

Check Details

Version: 0.5.14
Check: HTML version of manual
Result: NOTE Found the following HTML validation problems: ggnetwork.html:57:1 (ggnetwork.Rd:17): Warning: missing </ul> before </div> theme_blank.html:55:1 (theme_blank.Rd:14): Warning: missing </ul> before </div> theme_facet.html:55:1 (theme_facet.Rd:14): Warning: missing </ul> before </div> Flavor: r-devel-linux-x86_64-debian-clang

These binaries (installable software) and packages are in development.
They may not be fully stable and should be used with caution. We make no claims about them.