Last updated on 2025-02-16 10:50:47 CET.
Flavor | Version | Tinstall | Tcheck | Ttotal | Status | Flags |
---|---|---|---|---|---|---|
r-devel-linux-x86_64-debian-clang | 0.1.2 | 3.66 | 25.34 | 29.00 | NOTE | |
r-devel-linux-x86_64-debian-gcc | 0.1.2 | 2.94 | 19.82 | 22.76 | NOTE | |
r-devel-linux-x86_64-fedora-clang | 0.1.2 | 48.88 | NOTE | |||
r-devel-linux-x86_64-fedora-gcc | 0.1.2 | 43.63 | NOTE | |||
r-devel-macos-arm64 | 0.1.2 | 18.00 | OK | |||
r-devel-macos-x86_64 | 0.1.2 | 32.00 | OK | |||
r-devel-windows-x86_64 | 0.1.2 | 5.00 | 45.00 | 50.00 | NOTE | |
r-patched-linux-x86_64 | 0.1.2 | 8.98 | 24.04 | 33.02 | NOTE | |
r-release-linux-x86_64 | 0.1.2 | 3.84 | 24.43 | 28.27 | NOTE | |
r-release-macos-arm64 | 0.1.2 | 18.00 | NOTE | |||
r-release-macos-x86_64 | 0.1.2 | 26.00 | NOTE | |||
r-release-windows-x86_64 | 0.1.2 | 6.00 | 54.00 | 60.00 | NOTE | |
r-oldrel-macos-arm64 | 0.1.2 | 20.00 | NOTE | |||
r-oldrel-macos-x86_64 | 0.1.2 | 26.00 | NOTE | |||
r-oldrel-windows-x86_64 | 0.1.2 | 7.00 | 48.00 | 55.00 | NOTE |
Version: 0.1.2
Check: Rd cross-references
Result: NOTE
Found the following Rd file(s) with Rd \link{} targets missing package
anchors:
geom_normalviolin.Rd: aes, aes_, ggplot, fortify, borders, layer
Please provide package anchors for all Rd \link{} targets not in the
package itself and the base packages.
Flavors: r-devel-linux-x86_64-debian-clang, r-devel-linux-x86_64-debian-gcc, r-devel-windows-x86_64
Version: 0.1.2
Check: dependencies in R code
Result: NOTE
Namespaces in Imports field not imported from:
‘dplyr’ ‘grid’ ‘scales’
All declared Imports should be used.
Flavors: r-devel-linux-x86_64-fedora-clang, r-devel-linux-x86_64-fedora-gcc
Version: 0.1.2
Check: LazyData
Result: NOTE
'LazyData' is specified without a 'data' directory
Flavors: r-patched-linux-x86_64, r-release-linux-x86_64, r-release-macos-arm64, r-release-macos-x86_64, r-release-windows-x86_64, r-oldrel-macos-arm64, r-oldrel-macos-x86_64, r-oldrel-windows-x86_64
These binaries (installable software) and packages are in development.
They may not be fully stable and should be used with caution. We make no claims about them.