CRAN Package Check Results for Package ggnuplot

Last updated on 2025-04-16 00:49:41 CEST.

Flavor Version Tinstall Tcheck Ttotal Status Flags
r-devel-linux-x86_64-debian-clang 0.1.0 4.09 35.68 39.77 OK
r-devel-linux-x86_64-debian-gcc 0.1.0 3.16 26.53 29.69 OK
r-devel-linux-x86_64-fedora-clang 0.1.0 63.10 OK
r-devel-linux-x86_64-fedora-gcc 0.1.0 59.90 OK
r-devel-windows-x86_64 0.1.0 6.00 54.00 60.00 OK
r-patched-linux-x86_64 0.1.0 4.08 34.72 38.80 OK
r-release-linux-x86_64 0.1.0 4.27 34.81 39.08 OK
r-release-macos-arm64 0.1.0 25.00 OK
r-release-macos-x86_64 0.1.0 37.00 OK
r-release-windows-x86_64 0.1.0 6.00 53.00 59.00 OK
r-oldrel-macos-arm64 0.1.0 22.00 NOTE
r-oldrel-macos-x86_64 0.1.0 31.00 NOTE
r-oldrel-windows-x86_64 0.1.0 7.00 61.00 68.00 NOTE

Check Details

Version: 0.1.0
Check: LazyData
Result: NOTE 'LazyData' is specified without a 'data' directory Flavors: r-oldrel-macos-arm64, r-oldrel-macos-x86_64, r-oldrel-windows-x86_64

These binaries (installable software) and packages are in development.
They may not be fully stable and should be used with caution. We make no claims about them.