Last updated on 2025-10-03 15:49:50 CEST.
Flavor | Version | Tinstall | Tcheck | Ttotal | Status | Flags |
---|---|---|---|---|---|---|
r-devel-linux-x86_64-debian-clang | 0.1.0 | 4.08 | 52.31 | 56.39 | OK | |
r-devel-linux-x86_64-debian-gcc | 0.1.0 | 3.85 | 38.77 | 42.62 | OK | |
r-devel-linux-x86_64-fedora-clang | 0.1.0 | 80.72 | OK | |||
r-devel-linux-x86_64-fedora-gcc | 0.1.0 | 78.42 | OK | |||
r-devel-windows-x86_64 | 0.1.0 | 8.00 | 64.00 | 72.00 | OK | |
r-patched-linux-x86_64 | 0.1.0 | 5.17 | 47.74 | 52.91 | OK | |
r-release-linux-x86_64 | 0.1.0 | 4.92 | 47.97 | 52.89 | OK | |
r-release-macos-arm64 | 0.1.0 | 25.00 | OK | |||
r-release-macos-x86_64 | 0.1.0 | 37.00 | OK | |||
r-release-windows-x86_64 | 0.1.0 | 6.00 | 64.00 | 70.00 | OK | |
r-oldrel-macos-arm64 | 0.1.0 | 22.00 | NOTE | |||
r-oldrel-macos-x86_64 | 0.1.0 | 31.00 | NOTE | |||
r-oldrel-windows-x86_64 | 0.1.0 | 10.00 | 76.00 | 86.00 | NOTE |
Version: 0.1.0
Check: LazyData
Result: NOTE
'LazyData' is specified without a 'data' directory
Flavors: r-oldrel-macos-arm64, r-oldrel-macos-x86_64, r-oldrel-windows-x86_64
These binaries (installable software) and packages are in development.
They may not be fully stable and should be used with caution. We make no claims about them.