CRAN Package Check Results for Package ggokabeito

Last updated on 2025-05-01 14:49:10 CEST.

Flavor Version Tinstall Tcheck Ttotal Status Flags
r-devel-linux-x86_64-debian-clang 0.1.0 1.97 26.72 28.69 NOTE
r-devel-linux-x86_64-debian-gcc 0.1.0 1.65 21.07 22.72 OK
r-devel-linux-x86_64-fedora-clang 0.1.0 41.05 OK
r-devel-linux-x86_64-fedora-gcc 0.1.0 41.47 OK
r-devel-windows-x86_64 0.1.0 4.00 50.00 54.00 OK
r-patched-linux-x86_64 0.1.0 1.62 24.38 26.00 OK
r-release-linux-x86_64 OK
r-release-macos-arm64 0.1.0 21.00 OK
r-release-macos-x86_64 0.1.0 29.00 OK
r-release-windows-x86_64 0.1.0 4.00 52.00 56.00 OK
r-oldrel-macos-arm64 0.1.0 18.00 OK
r-oldrel-macos-x86_64 0.1.0 28.00 OK
r-oldrel-windows-x86_64 0.1.0 4.00 49.00 53.00 OK

Check Details

Version: 0.1.0
Check: examples
Result: NOTE Examples with CPU (user + system) or elapsed time > 5s user system elapsed scale_okabe_ito 2.617 0.069 14.224 Flavor: r-devel-linux-x86_64-debian-clang

These binaries (installable software) and packages are in development.
They may not be fully stable and should be used with caution. We make no claims about them.