Last updated on 2025-10-23 17:50:49 CEST.
Flavor | Version | Tinstall | Tcheck | Ttotal | Status | Flags |
---|---|---|---|---|---|---|
r-devel-linux-x86_64-debian-clang | 1.0.0.1 | 11.56 | 249.91 | 261.47 | NOTE | |
r-devel-linux-x86_64-debian-gcc | 1.0.0.1 | 8.12 | 167.66 | 175.78 | OK | |
r-devel-linux-x86_64-fedora-clang | 1.0.0.1 | 30.00 | 368.01 | 398.01 | NOTE | |
r-devel-linux-x86_64-fedora-gcc | 1.0.0.1 | 23.00 | 365.36 | 388.36 | NOTE | |
r-devel-windows-x86_64 | 1.0.0.1 | 13.00 | 211.00 | 224.00 | OK | |
r-patched-linux-x86_64 | 1.0.0.1 | 11.13 | 234.83 | 245.96 | OK | |
r-release-linux-x86_64 | 1.0.0.1 | 10.69 | 234.31 | 245.00 | OK | |
r-release-macos-arm64 | 1.0.0.1 | 5.00 | 77.00 | 82.00 | OK | |
r-release-macos-x86_64 | 1.0.0.1 | 10.00 | 181.00 | 191.00 | OK | |
r-release-windows-x86_64 | 1.0.0.1 | 12.00 | 211.00 | 223.00 | OK | |
r-oldrel-macos-arm64 | 1.0.0.1 | 5.00 | 81.00 | 86.00 | OK | |
r-oldrel-macos-x86_64 | 1.0.0.1 | 11.00 | 170.00 | 181.00 | OK | |
r-oldrel-windows-x86_64 | 1.0.0.1 | 17.00 | 300.00 | 317.00 | OK |
Version: 1.0.0.1
Check: HTML version of manual
Result: NOTE
Found the following HTML validation problems:
get_predictions.html:60:1 (get_predictions.Rd:18): Warning: missing </ul> before </div>
makeContent.nodeplotgrob.html:47:1 (makeContent.nodeplotgrob.Rd:10): Warning: missing </ul> before </div>
Flavor: r-devel-linux-x86_64-debian-clang
Version: 1.0.0.1
Check: dependencies in R code
Result: NOTE
Namespace in Imports field not imported from: ‘survival’
All declared Imports should be used.
Flavors: r-devel-linux-x86_64-fedora-clang, r-devel-linux-x86_64-fedora-gcc
These binaries (installable software) and packages are in development.
They may not be fully stable and should be used with caution. We make no claims about them.