Last updated on 2025-11-13 01:50:22 CET.
| Flavor | Version | Tinstall | Tcheck | Ttotal | Status | Flags |
|---|---|---|---|---|---|---|
| r-devel-linux-x86_64-debian-clang | 1.0.0.1 | 11.30 | 245.08 | 256.38 | OK | |
| r-devel-linux-x86_64-debian-gcc | 1.0.0.1 | 7.12 | 161.03 | 168.15 | OK | |
| r-devel-linux-x86_64-fedora-clang | 1.0.0.1 | 38.00 | 375.65 | 413.65 | NOTE | |
| r-devel-linux-x86_64-fedora-gcc | 1.0.0.1 | 27.00 | 353.77 | 380.77 | NOTE | |
| r-devel-windows-x86_64 | 1.0.0.1 | 13.00 | 211.00 | 224.00 | OK | |
| r-patched-linux-x86_64 | 1.0.0.1 | 11.59 | 234.47 | 246.06 | OK | |
| r-release-linux-x86_64 | 1.0.0.1 | 9.94 | 235.31 | 245.25 | OK | |
| r-release-macos-arm64 | 1.0.0.1 | 5.00 | 77.00 | 82.00 | OK | |
| r-release-macos-x86_64 | 1.0.0.1 | 10.00 | 181.00 | 191.00 | OK | |
| r-release-windows-x86_64 | 1.0.0.1 | 11.00 | 208.00 | 219.00 | OK | |
| r-oldrel-macos-arm64 | 1.0.0.1 | 5.00 | 81.00 | 86.00 | OK | |
| r-oldrel-macos-x86_64 | 1.0.0.1 | 11.00 | 170.00 | 181.00 | OK | |
| r-oldrel-windows-x86_64 | 1.0.0.1 | 17.00 | 271.00 | 288.00 | OK |
Version: 1.0.0.1
Check: dependencies in R code
Result: NOTE
Namespace in Imports field not imported from: ‘survival’
All declared Imports should be used.
Flavors: r-devel-linux-x86_64-fedora-clang, r-devel-linux-x86_64-fedora-gcc
These binaries (installable software) and packages are in development.
They may not be fully stable and should be used with caution. We make no claims about them.