Last updated on 2024-07-27 15:50:19 CEST.
Flavor | Version | Tinstall | Tcheck | Ttotal | Status | Flags |
---|---|---|---|---|---|---|
r-devel-linux-x86_64-debian-clang | 1.0.1 | 5.58 | 54.54 | 60.12 | NOTE | |
r-devel-linux-x86_64-debian-gcc | 1.0.1 | NOTE | ||||
r-devel-linux-x86_64-fedora-clang | 1.0.1 | 78.92 | NOTE | |||
r-devel-linux-x86_64-fedora-gcc | 1.0.1 | 71.53 | NOTE | |||
r-devel-windows-x86_64 | 1.0.1 | 8.00 | 62.00 | 70.00 | NOTE | |
r-patched-linux-x86_64 | 1.0.1 | NOTE | ||||
r-release-linux-x86_64 | 1.0.1 | 5.20 | 53.70 | 58.90 | NOTE | |
r-release-macos-arm64 | 1.0.1 | 27.00 | NOTE | |||
r-release-macos-x86_64 | 1.0.1 | 38.00 | NOTE | |||
r-release-windows-x86_64 | 1.0.1 | 6.00 | 61.00 | 67.00 | NOTE | |
r-oldrel-macos-arm64 | 1.0.1 | 27.00 | OK | |||
r-oldrel-macos-x86_64 | 1.0.1 | 41.00 | OK | |||
r-oldrel-windows-x86_64 | 1.0.1 | 7.00 | 73.00 | 80.00 | OK |
Version: 1.0.1
Check: Rd files
Result: NOTE
checkRd: (-1) geom_from_path.Rd:79: Lost braces in \itemize; meant \describe ?
checkRd: (-1) geom_from_path.Rd:80: Lost braces in \itemize; meant \describe ?
checkRd: (-1) geom_from_path.Rd:81: Lost braces in \itemize; meant \describe ?
checkRd: (-1) geom_from_path.Rd:82: Lost braces in \itemize; meant \describe ?
checkRd: (-1) geom_from_path.Rd:83: Lost braces in \itemize; meant \describe ?
checkRd: (-1) geom_from_path.Rd:84: Lost braces in \itemize; meant \describe ?
checkRd: (-1) geom_from_path.Rd:85: Lost braces in \itemize; meant \describe ?
checkRd: (-1) geom_from_path.Rd:86: Lost braces in \itemize; meant \describe ?
checkRd: (-1) geom_from_path.Rd:87-90: Lost braces in \itemize; meant \describe ?
checkRd: (-1) geom_from_path.Rd:91-94: Lost braces in \itemize; meant \describe ?
checkRd: (-1) geom_lines.Rd:77: Lost braces in \itemize; meant \describe ?
checkRd: (-1) geom_lines.Rd:78: Lost braces in \itemize; meant \describe ?
checkRd: (-1) geom_lines.Rd:79: Lost braces in \itemize; meant \describe ?
checkRd: (-1) geom_lines.Rd:80: Lost braces in \itemize; meant \describe ?
checkRd: (-1) geom_lines.Rd:81: Lost braces in \itemize; meant \describe ?
checkRd: (-1) geom_lines.Rd:82: Lost braces in \itemize; meant \describe ?
checkRd: (-1) geom_lines.Rd:83: Lost braces in \itemize; meant \describe ?
Flavors: r-devel-linux-x86_64-debian-clang, r-devel-linux-x86_64-debian-gcc, r-devel-linux-x86_64-fedora-clang, r-devel-linux-x86_64-fedora-gcc, r-devel-windows-x86_64, r-patched-linux-x86_64, r-release-linux-x86_64, r-release-macos-arm64, r-release-macos-x86_64, r-release-windows-x86_64
Version: 1.0.1
Check: Rd cross-references
Result: NOTE
Found the following Rd file(s) with Rd \link{} targets missing package
anchors:
geom_lines.Rd: geom_hline, geom_vline
Please provide package anchors for all Rd \link{} targets not in the
package itself and the base packages.
Flavors: r-devel-linux-x86_64-debian-gcc, r-devel-windows-x86_64
These binaries (installable software) and packages are in development.
They may not be fully stable and should be used with caution. We make no claims about them.