Last updated on 2025-05-01 12:49:29 CEST.
Flavor | Version | Tinstall | Tcheck | Ttotal | Status | Flags |
---|---|---|---|---|---|---|
r-devel-linux-x86_64-debian-clang | 1.0.2 | 5.50 | 49.95 | 55.45 | OK | |
r-devel-linux-x86_64-debian-gcc | 1.0.2 | 3.78 | 37.01 | 40.79 | OK | |
r-devel-linux-x86_64-fedora-clang | 1.0.2 | 89.74 | ERROR | |||
r-devel-linux-x86_64-fedora-gcc | 1.0.2 | 73.59 | OK | |||
r-devel-windows-x86_64 | 1.0.2 | 8.00 | 67.00 | 75.00 | OK | |
r-patched-linux-x86_64 | 1.0.2 | 5.54 | 46.65 | 52.19 | OK | |
r-release-linux-x86_64 | OK | |||||
r-release-macos-arm64 | 1.0.2 | 30.00 | OK | |||
r-release-macos-x86_64 | 1.0.2 | 44.00 | OK | |||
r-release-windows-x86_64 | 1.0.2 | 8.00 | 72.00 | 80.00 | OK | |
r-oldrel-macos-arm64 | 1.0.2 | 28.00 | OK | |||
r-oldrel-macos-x86_64 | 1.0.2 | 71.00 | OK | |||
r-oldrel-windows-x86_64 | 1.0.2 | 8.00 | 76.00 | 84.00 | OK |
Version: 1.0.2
Check: tests
Result: ERROR
Running ‘testthat.R’ [5s/24s]
Running the tests in ‘tests/testthat.R’ failed.
Complete output:
> library(testthat)
> library(ggpath)
>
> test_check("ggpath")
free(): double free detected in tcache 2
Flavor: r-devel-linux-x86_64-fedora-clang
These binaries (installable software) and packages are in development.
They may not be fully stable and should be used with caution. We make no claims about them.