Last updated on 2025-05-08 04:52:06 CEST.
Flavor | Version | Tinstall | Tcheck | Ttotal | Status | Flags |
---|---|---|---|---|---|---|
r-devel-linux-x86_64-debian-clang | 0.2.0 | 6.68 | 69.30 | 75.98 | NOTE | |
r-devel-linux-x86_64-debian-gcc | 0.2.0 | 4.87 | 47.80 | 52.67 | NOTE | |
r-devel-linux-x86_64-fedora-clang | 0.2.0 | 110.76 | NOTE | |||
r-devel-linux-x86_64-fedora-gcc | 0.2.0 | 123.75 | NOTE | |||
r-devel-windows-x86_64 | 0.2.0 | 8.00 | 80.00 | 88.00 | NOTE | |
r-patched-linux-x86_64 | 0.2.0 | 7.44 | 66.32 | 73.76 | NOTE | |
r-release-linux-x86_64 | 0.2.0 | 6.89 | 65.10 | 71.99 | NOTE | |
r-release-macos-arm64 | 0.2.0 | 33.00 | NOTE | |||
r-release-macos-x86_64 | 0.2.0 | 65.00 | NOTE | |||
r-release-windows-x86_64 | 0.2.0 | 8.00 | 79.00 | 87.00 | NOTE | |
r-oldrel-macos-arm64 | 0.2.0 | 33.00 | NOTE | |||
r-oldrel-macos-x86_64 | 0.2.0 | 50.00 | NOTE | |||
r-oldrel-windows-x86_64 | 0.2.0 | 11.00 | 99.00 | 110.00 | NOTE |
Version: 0.2.0
Check: Rd files
Result: NOTE
checkRd: (-1) pcp_scale.Rd:50: Lost braces in \itemize; meant \describe ?
checkRd: (-1) pcp_scale.Rd:51: Lost braces in \itemize; meant \describe ?
checkRd: (-1) pcp_scale.Rd:52: Lost braces in \itemize; meant \describe ?
checkRd: (-1) pcp_scale.Rd:53: Lost braces in \itemize; meant \describe ?
checkRd: (-1) pcp_scale.Rd:54-55: Lost braces in \itemize; meant \describe ?
Flavors: r-devel-linux-x86_64-debian-clang, r-devel-linux-x86_64-debian-gcc, r-devel-linux-x86_64-fedora-clang, r-devel-linux-x86_64-fedora-gcc, r-devel-windows-x86_64, r-patched-linux-x86_64, r-release-linux-x86_64, r-release-macos-arm64, r-release-macos-x86_64, r-release-windows-x86_64, r-oldrel-macos-arm64, r-oldrel-macos-x86_64, r-oldrel-windows-x86_64
These binaries (installable software) and packages are in development.
They may not be fully stable and should be used with caution. We make no claims about them.