Last updated on 2025-02-16 10:50:47 CET.
Flavor | Version | Tinstall | Tcheck | Ttotal | Status | Flags |
---|---|---|---|---|---|---|
r-devel-linux-x86_64-debian-clang | 0.2.0 | 6.34 | 64.17 | 70.51 | NOTE | |
r-devel-linux-x86_64-debian-gcc | 0.2.0 | 4.17 | 46.73 | 50.90 | NOTE | |
r-devel-linux-x86_64-fedora-clang | 0.2.0 | 112.95 | NOTE | |||
r-devel-linux-x86_64-fedora-gcc | 0.2.0 | 103.92 | NOTE | |||
r-devel-macos-arm64 | 0.2.0 | 35.00 | NOTE | |||
r-devel-macos-x86_64 | 0.2.0 | 65.00 | NOTE | |||
r-devel-windows-x86_64 | 0.2.0 | 8.00 | 77.00 | 85.00 | NOTE | |
r-patched-linux-x86_64 | 0.2.0 | 6.33 | 60.34 | 66.67 | NOTE | |
r-release-linux-x86_64 | 0.2.0 | 5.30 | 59.65 | 64.95 | NOTE | |
r-release-macos-arm64 | 0.2.0 | 33.00 | NOTE | |||
r-release-macos-x86_64 | 0.2.0 | 50.00 | NOTE | |||
r-release-windows-x86_64 | 0.2.0 | 10.00 | 78.00 | 88.00 | NOTE | |
r-oldrel-macos-arm64 | 0.2.0 | 34.00 | OK | |||
r-oldrel-macos-x86_64 | 0.2.0 | 53.00 | OK | |||
r-oldrel-windows-x86_64 | 0.2.0 | 10.00 | 89.00 | 99.00 | OK |
Version: 0.2.0
Check: Rd files
Result: NOTE
checkRd: (-1) pcp_scale.Rd:50: Lost braces in \itemize; meant \describe ?
checkRd: (-1) pcp_scale.Rd:51: Lost braces in \itemize; meant \describe ?
checkRd: (-1) pcp_scale.Rd:52: Lost braces in \itemize; meant \describe ?
checkRd: (-1) pcp_scale.Rd:53: Lost braces in \itemize; meant \describe ?
checkRd: (-1) pcp_scale.Rd:54-55: Lost braces in \itemize; meant \describe ?
Flavors: r-devel-linux-x86_64-debian-clang, r-devel-linux-x86_64-debian-gcc, r-devel-linux-x86_64-fedora-clang, r-devel-linux-x86_64-fedora-gcc, r-devel-macos-arm64, r-devel-macos-x86_64, r-devel-windows-x86_64, r-patched-linux-x86_64, r-release-linux-x86_64, r-release-macos-arm64, r-release-macos-x86_64, r-release-windows-x86_64
These binaries (installable software) and packages are in development.
They may not be fully stable and should be used with caution. We make no claims about them.