Last updated on 2025-11-11 17:49:59 CET.
| Flavor | Version | Tinstall | Tcheck | Ttotal | Status | Flags |
|---|---|---|---|---|---|---|
| r-devel-linux-x86_64-debian-clang | 0.9.0 | 13.73 | 191.66 | 205.39 | OK | |
| r-devel-linux-x86_64-debian-gcc | 0.9.0 | 9.78 | 129.35 | 139.13 | OK | |
| r-devel-linux-x86_64-fedora-clang | 0.9.0 | 58.00 | 269.15 | 327.15 | OK | |
| r-devel-linux-x86_64-fedora-gcc | 0.9.0 | 30.00 | 262.17 | 292.17 | OK | |
| r-devel-windows-x86_64 | 0.9.0 | 14.00 | 176.00 | 190.00 | OK | |
| r-patched-linux-x86_64 | 0.9.0 | 13.77 | 175.17 | 188.94 | OK | |
| r-release-linux-x86_64 | 0.9.0 | 11.70 | 176.82 | 188.52 | OK | |
| r-release-macos-arm64 | 0.9.0 | 6.00 | 80.00 | 86.00 | OK | |
| r-release-macos-x86_64 | 0.9.0 | 15.00 | 206.00 | 221.00 | OK | |
| r-release-windows-x86_64 | 0.9.0 | 15.00 | 170.00 | 185.00 | OK | |
| r-oldrel-macos-arm64 | 0.9.0 | 6.00 | 88.00 | 94.00 | OK | |
| r-oldrel-macos-x86_64 | 0.9.0 | 14.00 | 183.00 | 197.00 | OK | |
| r-oldrel-windows-x86_64 | 0.9.0 | 21.00 | 223.00 | 244.00 | NOTE |
Version: 0.9.0
Check: package dependencies
Result: NOTE
Package suggested but not available for checking: 'OpenMx'
Flavor: r-oldrel-windows-x86_64
These binaries (installable software) and packages are in development.
They may not be fully stable and should be used with caution. We make no claims about them.