CRAN Package Check Results for Package ggpedigree

Last updated on 2025-07-05 01:49:23 CEST.

Flavor Version Tinstall Tcheck Ttotal Status Flags
r-devel-linux-x86_64-debian-clang 0.7.0 13.64 176.76 190.40 OK
r-devel-linux-x86_64-debian-gcc 0.7.0 7.42 124.15 131.57 OK
r-devel-linux-x86_64-fedora-clang 0.8.0 303.28 OK
r-devel-linux-x86_64-fedora-gcc 0.7.0 273.42 OK
r-devel-windows-x86_64 0.7.0 13.00 211.00 224.00 OK
r-patched-linux-x86_64 0.7.0 14.13 167.88 182.01 OK
r-release-linux-x86_64 0.7.0 12.14 166.09 178.23 OK
r-release-macos-arm64 0.7.0 84.00 OK
r-release-macos-x86_64 0.8.0 196.00 OK
r-release-windows-x86_64 0.7.0 14.00 225.00 239.00 OK
r-oldrel-macos-arm64 0.7.0 87.00 OK
r-oldrel-macos-x86_64 0.8.0 196.00 ERROR
r-oldrel-windows-x86_64 0.7.0 18.00 270.00 288.00 OK

Check Details

Version: 0.8.0
Check: re-building of vignette outputs
Result: ERROR Error(s) in re-building vignettes: --- re-building ‘v00_plots.Rmd’ using rmarkdown --- finished re-building ‘v00_plots.Rmd’ --- re-building ‘v10_interactiveplots.Rmd’ using rmarkdown Quitting from v10_interactiveplots.Rmd:74-83 [unnamed-chunk-2] ~~~~~~~~~~~~~~~~~~~~~~~~~~~~~~~~~~~~~~~~~~~~~~~~~~~~~~~~~~~~~~~~~~~~~~~~~~~~~~~~ <error/rlang_error> Error in `curl::curl_download()`: ! Timeout was reached [cdn.plot.ly]: Resolving timed out after 10000 milliseconds --- Backtrace: ▆ 1. ├─plotly::partial_bundle(plt, local = TRUE) 2. │ ├─plotly::plotly_build(p) 3. │ └─plotly:::plotly_build.plotly(p) 4. │ └─plotly:::verify_partial_bundle(p) 5. │ └─curl::curl_download(...) 6. └─curl:::raise_libcurl_error(...) ~~~~~~~~~~~~~~~~~~~~~~~~~~~~~~~~~~~~~~~~~~~~~~~~~~~~~~~~~~~~~~~~~~~~~~~~~~~~~~~~ Error: processing vignette 'v10_interactiveplots.Rmd' failed with diagnostics: Timeout was reached [cdn.plot.ly]: Resolving timed out after 10000 milliseconds --- failed re-building ‘v10_interactiveplots.Rmd’ --- re-building ‘v20_matrix.Rmd’ using rmarkdown --- finished re-building ‘v20_matrix.Rmd’ SUMMARY: processing the following file failed: ‘v10_interactiveplots.Rmd’ Error: Vignette re-building failed. Execution halted Flavor: r-oldrel-macos-x86_64

These binaries (installable software) and packages are in development.
They may not be fully stable and should be used with caution. We make no claims about them.