Last updated on 2025-05-01 12:49:29 CEST.
Flavor | Version | Tinstall | Tcheck | Ttotal | Status | Flags |
---|---|---|---|---|---|---|
r-devel-linux-x86_64-debian-clang | 0.2.5 | 8.34 | 108.48 | 116.82 | NOTE | |
r-devel-linux-x86_64-debian-gcc | 0.2.5 | 4.94 | 77.47 | 82.41 | NOTE | |
r-devel-linux-x86_64-fedora-clang | 0.2.5 | 169.35 | OK | |||
r-devel-linux-x86_64-fedora-gcc | 0.2.5 | 175.29 | OK | |||
r-devel-windows-x86_64 | 0.2.5 | 10.00 | 109.00 | 119.00 | NOTE | |
r-patched-linux-x86_64 | 0.2.5 | 8.05 | 100.45 | 108.50 | NOTE | |
r-release-linux-x86_64 | NOTE | |||||
r-release-macos-arm64 | 0.2.5 | 51.00 | OK | |||
r-release-macos-x86_64 | 0.2.5 | 103.00 | OK | |||
r-release-windows-x86_64 | 0.2.5 | 11.00 | 113.00 | 124.00 | NOTE | |
r-oldrel-macos-arm64 | 0.2.5 | 48.00 | OK | |||
r-oldrel-macos-x86_64 | 0.2.5 | 78.00 | OK | |||
r-oldrel-windows-x86_64 | 0.2.5 | 12.00 | 129.00 | 141.00 | OK |
Version: 0.2.5
Check: CRAN incoming feasibility
Result: NOTE
Maintainer: ‘Yabing Song <songyb0519@gmail.com>’
Package CITATION file contains call(s) to old-style personList() or
as.personList(). Please use c() on person objects instead.
Package CITATION file contains call(s) to old-style citEntry(). Please
use bibentry() instead.
Flavors: r-devel-linux-x86_64-debian-clang, r-devel-linux-x86_64-debian-gcc
Version: 0.2.5
Check: Rd cross-references
Result: NOTE
Found the following Rd file(s) with Rd \link{} targets missing package
anchors:
ggdonut.Rd: geom_text_repel
ggnestedpie.Rd: geom_text_repel
ggpie.Rd: geom_text_repel
Please provide package anchors for all Rd \link{} targets not in the
package itself and the base packages.
Flavors: r-devel-linux-x86_64-debian-clang, r-devel-linux-x86_64-debian-gcc, r-devel-windows-x86_64, r-patched-linux-x86_64, r-release-linux-x86_64, r-release-windows-x86_64
Version: 0.2.5
Check: examples
Result: NOTE
Examples with CPU (user + system) or elapsed time > 5s
user system elapsed
ggdonut 3.801 0.237 5.156
Flavor: r-devel-linux-x86_64-debian-clang
These binaries (installable software) and packages are in development.
They may not be fully stable and should be used with caution. We make no claims about them.