Last updated on 2025-07-25 11:49:56 CEST.
Flavor | Version | Tinstall | Tcheck | Ttotal | Status | Flags |
---|---|---|---|---|---|---|
r-devel-linux-x86_64-debian-clang | 3.5.2 | 29.78 | 469.29 | 499.07 | OK | |
r-devel-linux-x86_64-debian-gcc | 3.5.2 | 17.30 | 305.83 | 323.13 | OK | |
r-devel-linux-x86_64-fedora-clang | 3.5.2 | 772.68 | OK | |||
r-devel-linux-x86_64-fedora-gcc | 3.5.2 | 705.65 | OK | |||
r-devel-windows-x86_64 | 3.5.2 | 36.00 | 458.00 | 494.00 | OK | |
r-patched-linux-x86_64 | 3.5.2 | 39.94 | 442.72 | 482.66 | OK | |
r-release-linux-x86_64 | 3.5.2 | 26.30 | 442.17 | 468.47 | OK | |
r-release-macos-arm64 | 3.5.2 | 136.00 | OK | |||
r-release-macos-x86_64 | 3.5.2 | 300.00 | OK | |||
r-release-windows-x86_64 | 3.5.2 | 34.00 | 593.00 | 627.00 | OK | |
r-oldrel-macos-arm64 | 3.5.2 | 148.00 | NOTE | |||
r-oldrel-macos-x86_64 | 3.5.2 | 325.00 | NOTE | |||
r-oldrel-windows-x86_64 | 3.5.2 | 46.00 | 654.00 | 700.00 | NOTE |
Version: 3.5.2
Check: installed package size
Result: NOTE
installed size is 6.5Mb
sub-directories of 1Mb or more:
R 2.0Mb
doc 2.3Mb
help 1.1Mb
Flavors: r-oldrel-macos-arm64, r-oldrel-macos-x86_64, r-oldrel-windows-x86_64
These binaries (installable software) and packages are in development.
They may not be fully stable and should be used with caution. We make no claims about them.