Last updated on 2025-11-16 17:49:38 CET.
| Flavor | Version | Tinstall | Tcheck | Ttotal | Status | Flags |
|---|---|---|---|---|---|---|
| r-devel-linux-x86_64-debian-clang | 4.0.0 | 38.49 | 614.24 | 652.73 | OK | |
| r-devel-linux-x86_64-debian-gcc | 4.0.1 | 21.63 | 512.71 | 534.34 | OK | |
| r-devel-linux-x86_64-fedora-clang | 4.0.1 | 70.00 | 818.57 | 888.57 | OK | |
| r-devel-linux-x86_64-fedora-gcc | 4.0.1 | 139.00 | 1326.85 | 1465.85 | OK | |
| r-devel-windows-x86_64 | 4.0.0 | 47.00 | 570.00 | 617.00 | OK | |
| r-patched-linux-x86_64 | 4.0.0 | 38.08 | 584.41 | 622.49 | OK | |
| r-release-linux-x86_64 | 4.0.1 | 36.31 | 736.21 | 772.52 | OK | |
| r-release-macos-arm64 | 4.0.0 | 14.00 | 229.00 | 243.00 | OK | |
| r-release-macos-x86_64 | 4.0.1 | 33.00 | 536.00 | 569.00 | OK | |
| r-release-windows-x86_64 | 4.0.1 | 37.00 | 620.00 | 657.00 | OK | |
| r-oldrel-macos-arm64 | 4.0.0 | 15.00 | 230.00 | 245.00 | NOTE | |
| r-oldrel-macos-x86_64 | 4.0.1 | 35.00 | 593.00 | 628.00 | NOTE | |
| r-oldrel-windows-x86_64 | 4.0.1 | 39.00 | 704.00 | 743.00 | NOTE |
Version: 4.0.0
Check: installed package size
Result: NOTE
installed size is 7.8Mb
sub-directories of 1Mb or more:
R 3.0Mb
doc 2.3Mb
help 1.4Mb
Flavor: r-oldrel-macos-arm64
Version: 4.0.1
Check: installed package size
Result: NOTE
installed size is 13.0Mb
sub-directories of 1Mb or more:
R 3.1Mb
doc 7.4Mb
help 1.4Mb
Flavors: r-oldrel-macos-x86_64, r-oldrel-windows-x86_64
These binaries (installable software) and packages are in development.
They may not be fully stable and should be used with caution. We make no claims about them.