Last updated on 2025-05-03 22:49:54 CEST.
Flavor | Version | Tinstall | Tcheck | Ttotal | Status | Flags |
---|---|---|---|---|---|---|
r-devel-linux-x86_64-debian-clang | 3.5.2 | 31.96 | 478.03 | 509.99 | OK | |
r-devel-linux-x86_64-debian-gcc | 3.5.2 | 18.47 | 311.61 | 330.08 | OK | |
r-devel-linux-x86_64-fedora-clang | 3.5.2 | 765.68 | OK | |||
r-devel-linux-x86_64-fedora-gcc | 3.5.2 | 833.26 | OK | |||
r-devel-windows-x86_64 | 3.5.2 | 34.00 | 470.00 | 504.00 | OK | |
r-patched-linux-x86_64 | 3.5.2 | 32.68 | 453.53 | 486.21 | OK | |
r-release-linux-x86_64 | OK | |||||
r-release-macos-arm64 | 3.5.2 | 136.00 | OK | |||
r-release-macos-x86_64 | 3.5.2 | 300.00 | OK | |||
r-release-windows-x86_64 | 3.5.2 | 33.00 | 501.00 | 534.00 | OK | |
r-oldrel-macos-arm64 | 3.5.2 | 148.00 | NOTE | |||
r-oldrel-macos-x86_64 | 3.5.2 | 325.00 | NOTE | |||
r-oldrel-windows-x86_64 | 3.5.2 | 47.00 | 614.00 | 661.00 | NOTE |
Version: 3.5.2
Check: installed package size
Result: NOTE
installed size is 6.5Mb
sub-directories of 1Mb or more:
R 2.0Mb
doc 2.3Mb
help 1.1Mb
Flavors: r-oldrel-macos-arm64, r-oldrel-macos-x86_64, r-oldrel-windows-x86_64
These binaries (installable software) and packages are in development.
They may not be fully stable and should be used with caution. We make no claims about them.