Last updated on 2025-02-16 10:50:47 CET.
Flavor | Version | Tinstall | Tcheck | Ttotal | Status | Flags |
---|---|---|---|---|---|---|
r-devel-linux-x86_64-debian-clang | 0.1.3 | 8.60 | 61.95 | 70.55 | OK | |
r-devel-linux-x86_64-debian-gcc | 0.1.3 | 5.68 | 44.90 | 50.58 | OK | |
r-devel-linux-x86_64-fedora-clang | 0.1.3 | 122.74 | NOTE | |||
r-devel-linux-x86_64-fedora-gcc | 0.1.3 | 114.62 | NOTE | |||
r-devel-macos-arm64 | 0.1.3 | 43.00 | OK | |||
r-devel-macos-x86_64 | 0.1.3 | 76.00 | OK | |||
r-devel-windows-x86_64 | 0.1.3 | 10.00 | 77.00 | 87.00 | OK | |
r-patched-linux-x86_64 | 0.1.3 | 8.57 | 56.93 | 65.50 | NOTE | |
r-release-linux-x86_64 | 0.1.3 | 7.86 | 55.85 | 63.71 | NOTE | |
r-release-macos-arm64 | 0.1.3 | 37.00 | NOTE | |||
r-release-macos-x86_64 | 0.1.3 | 63.00 | NOTE | |||
r-release-windows-x86_64 | 0.1.3 | 12.00 | 78.00 | 90.00 | NOTE | |
r-oldrel-macos-arm64 | 0.1.3 | 42.00 | NOTE | |||
r-oldrel-macos-x86_64 | 0.1.3 | 75.00 | NOTE | |||
r-oldrel-windows-x86_64 | 0.1.3 | 12.00 | 92.00 | 104.00 | NOTE |
Version: 0.1.3
Check: dependencies in R code
Result: NOTE
Namespaces in Imports field not imported from:
‘gcookbook’ ‘ggthemes’ ‘moonBook’ ‘tidyverse’
All declared Imports should be used.
Flavors: r-devel-linux-x86_64-fedora-clang, r-devel-linux-x86_64-fedora-gcc
Version: 0.1.3
Check: LazyData
Result: NOTE
'LazyData' is specified without a 'data' directory
Flavors: r-patched-linux-x86_64, r-release-linux-x86_64, r-release-macos-arm64, r-release-macos-x86_64, r-release-windows-x86_64, r-oldrel-macos-arm64, r-oldrel-macos-x86_64, r-oldrel-windows-x86_64
These binaries (installable software) and packages are in development.
They may not be fully stable and should be used with caution. We make no claims about them.