CRAN Package Check Results for Package ggplotgui

Last updated on 2025-02-16 10:50:47 CET.

Flavor Version Tinstall Tcheck Ttotal Status Flags
r-devel-linux-x86_64-debian-clang 1.0.0 7.13 52.24 59.37 OK
r-devel-linux-x86_64-debian-gcc 1.0.0 5.32 38.77 44.09 OK
r-devel-linux-x86_64-fedora-clang 1.0.0 93.85 OK
r-devel-linux-x86_64-fedora-gcc 1.0.0 84.44 OK
r-devel-macos-arm64 1.0.0 30.00 OK
r-devel-macos-x86_64 1.0.0 51.00 OK
r-devel-windows-x86_64 1.0.0 9.00 67.00 76.00 OK
r-patched-linux-x86_64 1.0.0 6.57 46.32 52.89 NOTE
r-release-linux-x86_64 1.0.0 6.05 47.14 53.19 NOTE
r-release-macos-arm64 1.0.0 26.00 NOTE
r-release-macos-x86_64 1.0.0 43.00 NOTE
r-release-windows-x86_64 1.0.0 9.00 69.00 78.00 NOTE
r-oldrel-macos-arm64 1.0.0 31.00 NOTE
r-oldrel-macos-x86_64 1.0.0 46.00 NOTE
r-oldrel-windows-x86_64 1.0.0 10.00 65.00 75.00 NOTE

Check Details

Version: 1.0.0
Check: LazyData
Result: NOTE 'LazyData' is specified without a 'data' directory Flavors: r-patched-linux-x86_64, r-release-linux-x86_64, r-release-macos-arm64, r-release-macos-x86_64, r-release-windows-x86_64, r-oldrel-macos-arm64, r-oldrel-macos-x86_64, r-oldrel-windows-x86_64

These binaries (installable software) and packages are in development.
They may not be fully stable and should be used with caution. We make no claims about them.