Last updated on 2025-10-25 01:51:01 CEST.
| Flavor | Version | Tinstall | Tcheck | Ttotal | Status | Flags |
|---|---|---|---|---|---|---|
| r-devel-linux-x86_64-debian-clang | 1.0.0 | 9.18 | 68.27 | 77.45 | OK | |
| r-devel-linux-x86_64-debian-gcc | 1.0.0 | 6.10 | 46.96 | 53.06 | OK | |
| r-devel-linux-x86_64-fedora-clang | 1.0.0 | 24.00 | 89.47 | 113.47 | OK | |
| r-devel-linux-x86_64-fedora-gcc | 1.0.0 | 17.00 | 86.55 | 103.55 | OK | |
| r-devel-windows-x86_64 | 1.0.0 | 9.00 | 73.00 | 82.00 | OK | |
| r-patched-linux-x86_64 | 1.0.0 | 8.67 | 60.67 | 69.34 | OK | |
| r-release-linux-x86_64 | 1.0.0 | 7.24 | 60.29 | 67.53 | OK | |
| r-release-macos-arm64 | 1.0.0 | 3.00 | 26.00 | 29.00 | OK | |
| r-release-macos-x86_64 | 1.0.0 | 6.00 | 45.00 | 51.00 | OK | |
| r-release-windows-x86_64 | 1.0.0 | 11.00 | 73.00 | 84.00 | OK | |
| r-oldrel-macos-arm64 | 1.0.0 | 3.00 | 23.00 | 26.00 | NOTE | |
| r-oldrel-macos-x86_64 | 1.0.0 | 5.00 | 38.00 | 43.00 | NOTE | |
| r-oldrel-windows-x86_64 | 1.0.0 | 14.00 | 92.00 | 106.00 | NOTE |
Version: 1.0.0
Check: LazyData
Result: NOTE
'LazyData' is specified without a 'data' directory
Flavors: r-oldrel-macos-arm64, r-oldrel-macos-x86_64, r-oldrel-windows-x86_64
These binaries (installable software) and packages are in development.
They may not be fully stable and should be used with caution. We make no claims about them.