Last updated on 2025-05-01 12:49:29 CEST.
Flavor | Version | Tinstall | Tcheck | Ttotal | Status | Flags |
---|---|---|---|---|---|---|
r-devel-linux-x86_64-debian-clang | 0.0.7 | 9.13 | 54.47 | 63.60 | OK | |
r-devel-linux-x86_64-debian-gcc | 0.0.7 | 5.68 | 37.76 | 43.44 | OK | |
r-devel-linux-x86_64-fedora-clang | 0.0.7 | 87.04 | NOTE | |||
r-devel-linux-x86_64-fedora-gcc | 0.0.7 | 81.67 | NOTE | |||
r-devel-windows-x86_64 | 0.0.7 | 9.00 | 70.00 | 79.00 | OK | |
r-patched-linux-x86_64 | 0.0.7 | 8.75 | 49.36 | 58.11 | OK | |
r-release-linux-x86_64 | OK | |||||
r-release-macos-arm64 | 0.0.7 | 31.00 | OK | |||
r-release-macos-x86_64 | 0.0.7 | 47.00 | OK | |||
r-release-windows-x86_64 | 0.0.7 | 9.00 | 75.00 | 84.00 | OK | |
r-oldrel-macos-arm64 | 0.0.7 | 28.00 | NOTE | |||
r-oldrel-macos-x86_64 | 0.0.7 | 40.00 | NOTE | |||
r-oldrel-windows-x86_64 | 0.0.7 | 11.00 | 80.00 | 91.00 | NOTE |
Version: 0.0.7
Check: dependencies in R code
Result: NOTE
Namespaces in Imports field not imported from:
‘dplyr’ ‘grDevices’
All declared Imports should be used.
Flavors: r-devel-linux-x86_64-fedora-clang, r-devel-linux-x86_64-fedora-gcc
Version: 0.0.7
Check: LazyData
Result: NOTE
'LazyData' is specified without a 'data' directory
Flavors: r-oldrel-macos-arm64, r-oldrel-macos-x86_64, r-oldrel-windows-x86_64
These binaries (installable software) and packages are in development.
They may not be fully stable and should be used with caution. We make no claims about them.