Last updated on 2025-02-02 19:48:22 CET.
Flavor | Version | Tinstall | Tcheck | Ttotal | Status | Flags |
---|---|---|---|---|---|---|
r-devel-linux-x86_64-debian-clang | 0.6.0 | 14.85 | 236.54 | 251.39 | NOTE | |
r-devel-linux-x86_64-debian-gcc | 0.6.0 | 10.81 | 156.09 | 166.90 | NOTE | |
r-devel-linux-x86_64-fedora-clang | 0.6.0 | 395.74 | OK | |||
r-devel-linux-x86_64-fedora-gcc | 0.6.0 | 371.90 | OK | |||
r-devel-windows-x86_64 | 0.6.0 | 16.00 | 233.00 | 249.00 | NOTE | |
r-patched-linux-x86_64 | 0.6.0 | 24.11 | 217.84 | 241.95 | OK | |
r-release-linux-x86_64 | 0.6.0 | 12.85 | 218.70 | 231.55 | OK | |
r-release-macos-arm64 | 0.6.0 | 93.00 | OK | |||
r-release-macos-x86_64 | 0.6.0 | 145.00 | OK | |||
r-release-windows-x86_64 | 0.6.0 | 17.00 | 233.00 | 250.00 | OK | |
r-oldrel-macos-arm64 | 0.6.0 | 119.00 | OK | |||
r-oldrel-macos-x86_64 | 0.6.0 | 194.00 | OK | |||
r-oldrel-windows-x86_64 | 0.6.0 | 21.00 | 279.00 | 300.00 | OK |
Version: 0.6.0
Check: Rd cross-references
Result: NOTE
Found the following Rd file(s) with Rd \link{} targets missing package
anchors:
geom_bracket.Rd: layer
geom_pwc.Rd: layer
Please provide package anchors for all Rd \link{} targets not in the
package itself and the base packages.
Flavors: r-devel-linux-x86_64-debian-clang, r-devel-linux-x86_64-debian-gcc, r-devel-windows-x86_64
These binaries (installable software) and packages are in development.
They may not be fully stable and should be used with caution. We make no claims about them.