Last updated on 2025-07-02 03:50:42 CEST.
Flavor | Version | Tinstall | Tcheck | Ttotal | Status | Flags |
---|---|---|---|---|---|---|
r-devel-linux-x86_64-debian-clang | 0.6.1 | 15.19 | 251.48 | 266.67 | OK | |
r-devel-linux-x86_64-debian-gcc | 0.6.1 | 9.95 | 165.69 | 175.64 | OK | |
r-devel-linux-x86_64-fedora-clang | 0.6.0 | 391.20 | OK | |||
r-devel-linux-x86_64-fedora-gcc | 0.6.1 | 414.11 | OK | |||
r-devel-windows-x86_64 | 0.6.1 | 19.00 | 252.00 | 271.00 | OK | |
r-patched-linux-x86_64 | NOTE | |||||
r-release-linux-x86_64 | 0.6.1 | 12.47 | 234.61 | 247.08 | OK | |
r-release-macos-arm64 | 0.6.0 | 98.00 | OK | |||
r-release-macos-x86_64 | 0.6.1 | 112.00 | OK | |||
r-release-windows-x86_64 | 0.6.0 | 18.00 | 246.00 | 264.00 | NOTE | |
r-oldrel-macos-arm64 | 0.6.0 | 93.00 | OK | |||
r-oldrel-macos-x86_64 | 0.6.1 | 137.00 | OK | |||
r-oldrel-windows-x86_64 | 0.6.1 | 22.00 | 328.00 | 350.00 | OK |
Version: 0.6.0
Check: Rd cross-references
Result: NOTE
Found the following Rd file(s) with Rd \link{} targets missing package
anchors:
geom_bracket.Rd: layer
geom_pwc.Rd: layer
Please provide package anchors for all Rd \link{} targets not in the
package itself and the base packages.
Flavors: r-patched-linux-x86_64, r-release-windows-x86_64
These binaries (installable software) and packages are in development.
They may not be fully stable and should be used with caution. We make no claims about them.