Last updated on 2025-05-21 23:48:44 CEST.
Flavor | Version | Tinstall | Tcheck | Ttotal | Status | Flags |
---|---|---|---|---|---|---|
r-devel-linux-x86_64-debian-clang | 0.6.0 | 15.19 | 252.60 | 267.79 | NOTE | |
r-devel-linux-x86_64-debian-gcc | 0.6.0 | 9.84 | 169.77 | 179.61 | NOTE | |
r-devel-linux-x86_64-fedora-clang | 0.6.0 | 406.28 | OK | |||
r-devel-linux-x86_64-fedora-gcc | 0.6.0 | 401.59 | OK | |||
r-devel-windows-x86_64 | 0.6.0 | 18.00 | 291.00 | 309.00 | NOTE | |
r-patched-linux-x86_64 | 0.6.0 | 19.43 | 233.45 | 252.88 | NOTE | |
r-release-linux-x86_64 | 0.6.0 | 13.94 | 234.63 | 248.57 | NOTE | |
r-release-macos-arm64 | 0.6.0 | 98.00 | OK | |||
r-release-macos-x86_64 | 0.6.0 | 202.00 | OK | |||
r-release-windows-x86_64 | 0.6.0 | 19.00 | 251.00 | 270.00 | NOTE | |
r-oldrel-macos-arm64 | 0.6.0 | 93.00 | OK | |||
r-oldrel-macos-x86_64 | 0.6.0 | 145.00 | OK | |||
r-oldrel-windows-x86_64 | 0.6.0 | 23.00 | 317.00 | 340.00 | OK |
Version: 0.6.0
Check: Rd cross-references
Result: NOTE
Found the following Rd file(s) with Rd \link{} targets missing package
anchors:
geom_bracket.Rd: layer
geom_pwc.Rd: layer
Please provide package anchors for all Rd \link{} targets not in the
package itself and the base packages.
Flavors: r-devel-linux-x86_64-debian-clang, r-devel-linux-x86_64-debian-gcc, r-devel-windows-x86_64, r-patched-linux-x86_64, r-release-linux-x86_64, r-release-windows-x86_64
These binaries (installable software) and packages are in development.
They may not be fully stable and should be used with caution. We make no claims about them.