CRAN Package Check Results for Package ggrain

Last updated on 2025-02-16 10:50:47 CET.

Flavor Version Tinstall Tcheck Ttotal Status Flags
r-devel-linux-x86_64-debian-clang 0.0.4 5.20 61.10 66.30 NOTE
r-devel-linux-x86_64-debian-gcc 0.0.4 4.23 44.44 48.67 NOTE
r-devel-linux-x86_64-fedora-clang 0.0.4 108.68 OK
r-devel-linux-x86_64-fedora-gcc 0.0.4 111.67 OK
r-devel-macos-arm64 0.0.4 38.00 OK
r-devel-macos-x86_64 0.0.4 73.00 OK
r-devel-windows-x86_64 0.0.4 7.00 75.00 82.00 NOTE
r-patched-linux-x86_64 0.0.4 8.52 57.51 66.03 OK
r-release-linux-x86_64 0.0.4 5.25 56.70 61.95 OK
r-release-macos-arm64 0.0.4 36.00 OK
r-release-macos-x86_64 0.0.4 56.00 OK
r-release-windows-x86_64 0.0.4 7.00 75.00 82.00 OK
r-oldrel-macos-arm64 0.0.4 48.00 OK
r-oldrel-macos-x86_64 0.0.4 72.00 OK
r-oldrel-windows-x86_64 0.0.4 9.00 121.00 130.00 OK

Check Details

Version: 0.0.4
Check: Rd cross-references
Result: NOTE Found the following Rd file(s) with Rd \link{} targets missing package anchors: ggplot2-ggproto.Rd: geom_jitter, geom_count, geom_bin2d, layer, geom_smooth, geom_quantile, geom_density_2d, geom_boxplot, geom_hex, geom_density2d Please provide package anchors for all Rd \link{} targets not in the package itself and the base packages. Flavors: r-devel-linux-x86_64-debian-clang, r-devel-linux-x86_64-debian-gcc, r-devel-windows-x86_64

These binaries (installable software) and packages are in development.
They may not be fully stable and should be used with caution. We make no claims about them.