CRAN Package Check Results for Package ggrain

Last updated on 2025-11-13 17:50:35 CET.

Flavor Version Tinstall Tcheck Ttotal Status Flags
r-devel-linux-x86_64-debian-clang 0.0.4 6.50 83.74 90.24 NOTE
r-devel-linux-x86_64-debian-gcc 0.0.4 4.84 59.71 64.55 NOTE
r-devel-linux-x86_64-fedora-clang 0.0.4 30.00 112.83 142.83 OK
r-devel-linux-x86_64-fedora-gcc 0.0.4 14.00 125.77 139.77 OK
r-devel-windows-x86_64 0.0.4 9.00 86.00 95.00 NOTE
r-patched-linux-x86_64 0.0.4 5.11 77.83 82.94 NOTE
r-release-linux-x86_64 0.0.4 5.88 76.76 82.64 NOTE
r-release-macos-arm64 0.0.4 3.00 42.00 45.00 OK
r-release-macos-x86_64 0.0.4 4.00 65.00 69.00 OK
r-release-windows-x86_64 0.0.4 10.00 84.00 94.00 NOTE
r-oldrel-macos-arm64 0.0.4 2.00 34.00 36.00 OK
r-oldrel-macos-x86_64 0.0.4 4.00 52.00 56.00 OK
r-oldrel-windows-x86_64 0.0.4 12.00 103.00 115.00 OK

Check Details

Version: 0.0.4
Check: Rd cross-references
Result: NOTE Found the following Rd file(s) with Rd \link{} targets missing package anchors: ggplot2-ggproto.Rd: geom_jitter, geom_count, geom_bin2d, layer, geom_smooth, geom_quantile, geom_density_2d, geom_boxplot, geom_hex, geom_density2d Please provide package anchors for all Rd \link{} targets not in the package itself and the base packages. Flavors: r-devel-linux-x86_64-debian-clang, r-devel-linux-x86_64-debian-gcc, r-devel-windows-x86_64, r-patched-linux-x86_64, r-release-linux-x86_64, r-release-windows-x86_64

These binaries (installable software) and packages are in development.
They may not be fully stable and should be used with caution. We make no claims about them.