Last updated on 2025-02-16 10:50:47 CET.
Flavor | Version | Tinstall | Tcheck | Ttotal | Status | Flags |
---|---|---|---|---|---|---|
r-devel-linux-x86_64-debian-clang | 2.2.1 | 43.41 | 219.76 | 263.17 | OK | |
r-devel-linux-x86_64-debian-gcc | 2.2.1 | 30.84 | 150.39 | 181.23 | OK | |
r-devel-linux-x86_64-fedora-clang | 2.2.1 | 451.97 | OK | |||
r-devel-linux-x86_64-fedora-gcc | 2.2.1 | 433.26 | OK | |||
r-devel-macos-arm64 | 2.2.1 | 118.00 | OK | |||
r-devel-macos-x86_64 | 2.2.1 | 236.00 | OK | |||
r-devel-windows-x86_64 | 2.2.1 | 53.00 | 634.00 | 687.00 | OK | |
r-patched-linux-x86_64 | 2.2.1 | 49.05 | 207.53 | 256.58 | OK | |
r-release-linux-x86_64 | 2.2.1 | 41.39 | 207.36 | 248.75 | OK | |
r-release-macos-arm64 | 2.2.1 | 109.00 | NOTE | |||
r-release-macos-x86_64 | 2.2.1 | 176.00 | NOTE | |||
r-release-windows-x86_64 | 2.2.1 | 59.00 | 370.00 | 429.00 | NOTE | |
r-oldrel-macos-arm64 | 2.2.1 | 119.00 | NOTE | |||
r-oldrel-macos-x86_64 | 2.2.1 | 308.00 | NOTE | |||
r-oldrel-windows-x86_64 | 2.2.1 | 63.00 | 426.00 | 489.00 | NOTE |
Version: 2.2.1
Check: installed package size
Result: NOTE
installed size is 7.7Mb
sub-directories of 1Mb or more:
doc 3.9Mb
libs 2.2Mb
Flavors: r-release-macos-arm64, r-release-macos-x86_64, r-release-windows-x86_64, r-oldrel-macos-arm64, r-oldrel-macos-x86_64, r-oldrel-windows-x86_64
These binaries (installable software) and packages are in development.
They may not be fully stable and should be used with caution. We make no claims about them.