CRAN Package Check Results for Package ggraph

Last updated on 2025-07-02 01:51:38 CEST.

Flavor Version Tinstall Tcheck Ttotal Status Flags
r-devel-linux-x86_64-debian-clang 2.2.1 44.26 232.32 276.58 OK
r-devel-linux-x86_64-debian-gcc 2.2.1 31.97 157.72 189.69 OK
r-devel-linux-x86_64-fedora-clang 2.2.1 476.65 OK
r-devel-linux-x86_64-fedora-gcc 2.2.1 413.18 OK
r-devel-windows-x86_64 2.2.1 52.00 661.00 713.00 OK
r-patched-linux-x86_64 OK
r-release-linux-x86_64 2.2.1 42.18 217.00 259.18 OK
r-release-macos-arm64 2.2.1 116.00 OK
r-release-macos-x86_64 2.2.1 236.00 OK
r-release-windows-x86_64 2.2.1 54.00 631.00 685.00 OK
r-oldrel-macos-arm64 2.2.1 109.00 NOTE
r-oldrel-macos-x86_64 2.2.1 176.00 NOTE
r-oldrel-windows-x86_64 2.2.1 65.00 471.00 536.00 NOTE

Additional issues

rchk

Check Details

Version: 2.2.1
Check: installed package size
Result: NOTE installed size is 7.7Mb sub-directories of 1Mb or more: doc 3.9Mb libs 2.2Mb Flavors: r-oldrel-macos-arm64, r-oldrel-macos-x86_64, r-oldrel-windows-x86_64

These binaries (installable software) and packages are in development.
They may not be fully stable and should be used with caution. We make no claims about them.