Last updated on 2024-07-27 15:50:19 CEST.
Flavor | Version | Tinstall | Tcheck | Ttotal | Status | Flags |
---|---|---|---|---|---|---|
r-devel-linux-x86_64-debian-clang | 2.2.1 | 53.46 | 270.30 | 323.76 | NOTE | |
r-devel-linux-x86_64-debian-gcc | 2.2.1 | NOTE | ||||
r-devel-linux-x86_64-fedora-clang | 2.2.1 | 463.93 | NOTE | |||
r-devel-linux-x86_64-fedora-gcc | 2.2.1 | 423.12 | NOTE | |||
r-devel-windows-x86_64 | 2.2.1 | 54.00 | 382.00 | 436.00 | NOTE | |
r-patched-linux-x86_64 | 2.2.1 | OK | ||||
r-release-linux-x86_64 | 2.2.1 | 35.46 | 263.63 | 299.09 | OK | |
r-release-macos-arm64 | 2.2.1 | 109.00 | NOTE | |||
r-release-macos-x86_64 | 2.2.1 | 176.00 | NOTE | |||
r-release-windows-x86_64 | 2.2.1 | 48.00 | 391.00 | 439.00 | NOTE | |
r-oldrel-macos-arm64 | 2.2.1 | 119.00 | NOTE | |||
r-oldrel-macos-x86_64 | 2.2.1 | 308.00 | NOTE | |||
r-oldrel-windows-x86_64 | 2.2.1 | 64.00 | 477.00 | 541.00 | NOTE |
Version: 2.2.1
Check: compiled code
Result: NOTE
File ‘ggraph/libs/ggraph.so’:
Found non-API calls to R: ‘SETLENGTH’, ‘SET_GROWABLE_BIT’,
‘SET_TRUELENGTH’
Compiled code should not call non-API entry points in R.
See ‘Writing portable packages’ in the ‘Writing R Extensions’ manual,
and section ‘Moving into C API compliance’ for issues with the use of
non-API entry points.
Flavors: r-devel-linux-x86_64-debian-clang, r-devel-linux-x86_64-debian-gcc, r-devel-linux-x86_64-fedora-clang, r-devel-linux-x86_64-fedora-gcc
Version: 2.2.1
Check: installed package size
Result: NOTE
installed size is 5.8Mb
sub-directories of 1Mb or more:
doc 3.9Mb
Flavors: r-devel-linux-x86_64-fedora-clang, r-devel-windows-x86_64, r-release-macos-arm64, r-release-macos-x86_64, r-release-windows-x86_64, r-oldrel-macos-arm64, r-oldrel-macos-x86_64, r-oldrel-windows-x86_64
Version: 2.2.1
Check: compiled code
Result: NOTE
File 'ggraph/libs/x64/ggraph.dll':
Found non-API calls to R: 'SETLENGTH', 'SET_GROWABLE_BIT',
'SET_TRUELENGTH'
Compiled code should not call non-API entry points in R.
See 'Writing portable packages' in the 'Writing R Extensions' manual,
and section 'Moving into C API compliance' for issues with the use of
non-API entry points.
Flavor: r-devel-windows-x86_64
These binaries (installable software) and packages are in development.
They may not be fully stable and should be used with caution. We make no claims about them.