Last updated on 2025-07-02 03:50:42 CEST.
Flavor | Version | Tinstall | Tcheck | Ttotal | Status | Flags |
---|---|---|---|---|---|---|
r-devel-linux-x86_64-debian-clang | 0.9.6 | 19.14 | 77.71 | 96.85 | OK | |
r-devel-linux-x86_64-debian-gcc | 0.9.6 | 13.82 | 58.19 | 72.01 | OK | |
r-devel-linux-x86_64-fedora-clang | 0.9.6 | 147.06 | OK | |||
r-devel-linux-x86_64-fedora-gcc | 0.9.6 | 178.37 | OK | |||
r-devel-windows-x86_64 | 0.9.6 | 25.00 | 115.00 | 140.00 | ERROR | |
r-patched-linux-x86_64 | OK | |||||
r-release-linux-x86_64 | 0.9.6 | 19.33 | 72.66 | 91.99 | OK | |
r-release-macos-arm64 | 0.9.6 | 48.00 | OK | |||
r-release-macos-x86_64 | 0.9.6 | 91.00 | OK | |||
r-release-windows-x86_64 | 0.9.6 | 25.00 | 112.00 | 137.00 | OK | |
r-oldrel-macos-arm64 | 0.9.6 | 48.00 | OK | |||
r-oldrel-macos-x86_64 | 0.9.6 | 138.00 | OK | |||
r-oldrel-windows-x86_64 | 0.9.6 | 30.00 | 132.00 | 162.00 | OK |
Version: 0.9.6
Check: whether package can be installed
Result: ERROR
Installation failed.
Flavor: r-devel-windows-x86_64
These binaries (installable software) and packages are in development.
They may not be fully stable and should be used with caution. We make no claims about them.