Last updated on 2025-11-11 15:50:35 CET.
| Flavor | Version | Tinstall | Tcheck | Ttotal | Status | Flags |
|---|---|---|---|---|---|---|
| r-devel-linux-x86_64-debian-clang | 1.3 | 15.74 | 121.37 | 137.11 | OK | |
| r-devel-linux-x86_64-debian-gcc | 1.3 | 11.39 | 86.04 | 97.43 | OK | |
| r-devel-linux-x86_64-fedora-clang | 1.3 | 72.00 | 138.61 | 210.61 | NOTE | |
| r-devel-linux-x86_64-fedora-gcc | 1.3 | 29.00 | 158.94 | 187.94 | NOTE | |
| r-devel-windows-x86_64 | 1.3 | 17.00 | 112.00 | 129.00 | OK | |
| r-patched-linux-x86_64 | 1.3 | 15.17 | 112.98 | 128.15 | OK | |
| r-release-linux-x86_64 | 1.3 | 16.16 | 112.78 | 128.94 | OK | |
| r-release-macos-arm64 | 1.3 | 6.00 | 43.00 | 49.00 | OK | |
| r-release-macos-x86_64 | 1.3 | 12.00 | 78.00 | 90.00 | OK | |
| r-release-windows-x86_64 | 1.3 | 16.00 | 112.00 | 128.00 | OK | |
| r-oldrel-macos-arm64 | 1.3 | 6.00 | 44.00 | 50.00 | OK | |
| r-oldrel-macos-x86_64 | 1.3 | 9.00 | 62.00 | 71.00 | OK | |
| r-oldrel-windows-x86_64 | 1.3 | 22.00 | 143.00 | 165.00 | OK |
Version: 1.3
Check: dependencies in R code
Result: NOTE
Namespaces in Imports field not imported from:
‘nomogramFormula’ ‘survival’
All declared Imports should be used.
Flavors: r-devel-linux-x86_64-fedora-clang, r-devel-linux-x86_64-fedora-gcc
These binaries (installable software) and packages are in development.
They may not be fully stable and should be used with caution. We make no claims about them.