Last updated on 2025-07-25 11:49:56 CEST.
Flavor | Version | Tinstall | Tcheck | Ttotal | Status | Flags |
---|---|---|---|---|---|---|
r-devel-linux-x86_64-debian-clang | 1.3 | 13.96 | 109.09 | 123.05 | OK | |
r-devel-linux-x86_64-debian-gcc | 1.3 | 12.28 | 77.47 | 89.75 | OK | |
r-devel-linux-x86_64-fedora-clang | 1.3 | 181.94 | NOTE | |||
r-devel-linux-x86_64-fedora-gcc | 1.3 | 171.78 | NOTE | |||
r-devel-windows-x86_64 | 1.3 | 15.00 | 106.00 | 121.00 | OK | |
r-patched-linux-x86_64 | 1.3 | 13.43 | 100.72 | 114.15 | OK | |
r-release-linux-x86_64 | 1.3 | 14.38 | 100.33 | 114.71 | OK | |
r-release-macos-arm64 | 1.3 | 49.00 | OK | |||
r-release-macos-x86_64 | 1.3 | 90.00 | OK | |||
r-release-windows-x86_64 | 1.3 | 15.00 | 111.00 | 126.00 | OK | |
r-oldrel-macos-arm64 | 1.3 | 50.00 | OK | |||
r-oldrel-macos-x86_64 | 1.3 | 71.00 | OK | |||
r-oldrel-windows-x86_64 | 1.3 | 20.00 | 138.00 | 158.00 | OK |
Version: 1.3
Check: dependencies in R code
Result: NOTE
Namespaces in Imports field not imported from:
‘nomogramFormula’ ‘survival’
All declared Imports should be used.
Flavors: r-devel-linux-x86_64-fedora-clang, r-devel-linux-x86_64-fedora-gcc
These binaries (installable software) and packages are in development.
They may not be fully stable and should be used with caution. We make no claims about them.