Last updated on 2025-05-08 04:52:06 CEST.
Flavor | Version | Tinstall | Tcheck | Ttotal | Status | Flags |
---|---|---|---|---|---|---|
r-devel-linux-x86_64-debian-clang | 1.3 | 14.05 | 108.12 | 122.17 | OK | |
r-devel-linux-x86_64-debian-gcc | 1.3 | 11.01 | 77.76 | 88.77 | OK | |
r-devel-linux-x86_64-fedora-clang | 1.3 | 178.20 | NOTE | |||
r-devel-linux-x86_64-fedora-gcc | 1.3 | 194.07 | NOTE | |||
r-devel-windows-x86_64 | 1.3 | 15.00 | 108.00 | 123.00 | OK | |
r-patched-linux-x86_64 | 1.3 | 14.21 | 101.63 | 115.84 | OK | |
r-release-linux-x86_64 | 1.3 | 13.92 | 101.01 | 114.93 | OK | |
r-release-macos-arm64 | 1.3 | 49.00 | OK | |||
r-release-macos-x86_64 | 1.3 | 90.00 | OK | |||
r-release-windows-x86_64 | 1.3 | 15.00 | 112.00 | 127.00 | OK | |
r-oldrel-macos-arm64 | 1.3 | 50.00 | OK | |||
r-oldrel-macos-x86_64 | 1.3 | 71.00 | OK | |||
r-oldrel-windows-x86_64 | 1.3 | 20.00 | 129.00 | 149.00 | OK |
Version: 1.3
Check: dependencies in R code
Result: NOTE
Namespaces in Imports field not imported from:
‘nomogramFormula’ ‘survival’
All declared Imports should be used.
Flavors: r-devel-linux-x86_64-fedora-clang, r-devel-linux-x86_64-fedora-gcc
These binaries (installable software) and packages are in development.
They may not be fully stable and should be used with caution. We make no claims about them.