CRAN Package Check Results for Package ggscidca

Last updated on 2025-10-23 15:49:56 CEST.

Flavor Version Tinstall Tcheck Ttotal Status Flags
r-devel-linux-x86_64-debian-clang 0.2.5 14.23 124.23 138.46 NOTE
r-devel-linux-x86_64-debian-gcc 0.2.6 10.11 84.61 94.72 OK
r-devel-linux-x86_64-fedora-clang 0.2.6 64.00 160.55 224.55 OK
r-devel-linux-x86_64-fedora-gcc 0.2.6 23.00 182.16 205.16 OK
r-devel-windows-x86_64 0.2.5 16.00 116.00 132.00 OK
r-patched-linux-x86_64 0.2.5 15.19 114.06 129.25 OK
r-release-linux-x86_64 0.2.5 14.23 116.89 131.12 OK
r-release-macos-arm64 0.2.6 7.00 48.00 55.00 OK
r-release-macos-x86_64 0.2.6 21.00 122.00 143.00 OK
r-release-windows-x86_64 0.2.5 15.00 119.00 134.00 OK
r-oldrel-macos-arm64 0.2.6 7.00 54.00 61.00 OK
r-oldrel-macos-x86_64 0.2.6 17.00 121.00 138.00 OK
r-oldrel-windows-x86_64 0.2.5 22.00 152.00 174.00 OK

Check Details

Version: 0.2.5
Check: HTML version of manual
Result: NOTE Found the following HTML validation problems: netdata.coxph.html:194:1 (netdata.coxph.Rd:99): Warning: missing </ul> before </div> netdata.crr.html:194:1 (netdata.crr.Rd:99): Warning: missing </ul> before </div> netdata.glm.html:194:1 (netdata.glm.Rd:99): Warning: missing </ul> before </div> netdata.randomFores.html:194:1 (netdata.randomFores.Rd:100): Warning: missing </ul> before </div> netdata.scixgboot.html:194:1 (netdata.scixgboot.Rd:99): Warning: missing </ul> before </div> netdata.svm.html:194:1 (netdata.svm.Rd:99): Warning: missing </ul> before </div> Flavor: r-devel-linux-x86_64-debian-clang

These binaries (installable software) and packages are in development.
They may not be fully stable and should be used with caution. We make no claims about them.