CRAN Package Check Results for Package ggseas

Last updated on 2025-05-21 23:48:44 CEST.

Flavor Version Tinstall Tcheck Ttotal Status Flags
r-devel-linux-x86_64-debian-clang 0.5.4 6.55 82.04 88.59 NOTE
r-devel-linux-x86_64-debian-gcc 0.5.4 5.30 58.40 63.70 NOTE
r-devel-linux-x86_64-fedora-clang 0.5.4 142.99 OK
r-devel-linux-x86_64-fedora-gcc 0.5.4 148.66 OK
r-devel-windows-x86_64 0.5.4 10.00 106.00 116.00 NOTE
r-patched-linux-x86_64 0.5.4 6.33 76.68 83.01 NOTE
r-release-linux-x86_64 0.5.4 6.75 76.54 83.29 NOTE
r-release-macos-arm64 0.5.4 45.00 OK
r-release-macos-x86_64 0.5.4 75.00 OK
r-release-windows-x86_64 0.5.4 11.00 98.00 109.00 NOTE
r-oldrel-macos-arm64 0.5.4 38.00 OK
r-oldrel-macos-x86_64 0.5.4 64.00 OK
r-oldrel-windows-x86_64 0.5.4 12.00 115.00 127.00 OK

Check Details

Version: 0.5.4
Check: Rd cross-references
Result: NOTE Found the following Rd file(s) with Rd \link{} targets missing package anchors: ggsdc.Rd: seas stat_decomp.Rd: aes, aes_, ggplot, fortify, borders stat_index.Rd: aes, aes_, ggplot, fortify, borders stat_rollapplyr.Rd: aes, aes_, ggplot, fortify, borders stat_seas.Rd: aes, aes_, ggplot, fortify, borders, seas stat_stl.Rd: aes, aes_, ggplot, fortify, borders Please provide package anchors for all Rd \link{} targets not in the package itself and the base packages. Flavors: r-devel-linux-x86_64-debian-clang, r-devel-linux-x86_64-debian-gcc, r-devel-windows-x86_64, r-patched-linux-x86_64, r-release-linux-x86_64, r-release-windows-x86_64

These binaries (installable software) and packages are in development.
They may not be fully stable and should be used with caution. We make no claims about them.