Last updated on 2025-05-01 12:49:29 CEST.
Flavor | Version | Tinstall | Tcheck | Ttotal | Status | Flags |
---|---|---|---|---|---|---|
r-devel-linux-x86_64-debian-clang | 1.6.5 | 10.39 | 154.94 | 165.33 | NOTE | |
r-devel-linux-x86_64-debian-gcc | 1.6.5 | 6.46 | 110.44 | 116.90 | NOTE | |
r-devel-linux-x86_64-fedora-clang | 1.6.5 | 236.50 | NOTE | |||
r-devel-linux-x86_64-fedora-gcc | 1.6.5 | 248.22 | NOTE | |||
r-devel-windows-x86_64 | 1.6.5 | 11.00 | 141.00 | 152.00 | NOTE | |
r-patched-linux-x86_64 | 1.6.5 | 10.56 | 142.69 | 153.25 | NOTE | |
r-release-linux-x86_64 | NOTE | |||||
r-release-macos-arm64 | 1.6.5 | 69.00 | NOTE | |||
r-release-macos-x86_64 | 1.6.5 | 144.00 | NOTE | |||
r-release-windows-x86_64 | 1.6.5 | 13.00 | 144.00 | 157.00 | NOTE | |
r-oldrel-macos-arm64 | 1.6.5 | 72.00 | NOTE | |||
r-oldrel-macos-x86_64 | 1.6.5 | 111.00 | NOTE | |||
r-oldrel-windows-x86_64 | 1.6.5 | 14.00 | 203.00 | 217.00 | NOTE |
Version: 1.6.5
Check: CRAN incoming feasibility
Result: NOTE
Maintainer: ‘Athanasia Mo Mowinckel <a.m.mowinckel@psykologi.uio.no>’
Package CITATION file contains call(s) to old-style citEntry(). Please
use bibentry() instead.
Flavors: r-devel-linux-x86_64-debian-clang, r-devel-linux-x86_64-debian-gcc
Version: 1.6.5
Check: package subdirectories
Result: NOTE
Problems with news in ‘NEWS.md’:
Cannot extract version info from the following section titles:
* Changes all data options to .data to decrease possibility of column naming overlap
Flavors: r-devel-linux-x86_64-debian-clang, r-devel-linux-x86_64-debian-gcc, r-devel-linux-x86_64-fedora-clang, r-devel-linux-x86_64-fedora-gcc, r-devel-windows-x86_64, r-patched-linux-x86_64, r-release-linux-x86_64, r-release-macos-arm64, r-release-macos-x86_64, r-release-windows-x86_64, r-oldrel-macos-arm64, r-oldrel-macos-x86_64, r-oldrel-windows-x86_64
Version: 1.6.5
Check: examples
Result: NOTE
Examples with CPU (user + system) or elapsed time > 5s
user system elapsed
ggseg 6.539 0.13 7.36
Flavor: r-devel-linux-x86_64-debian-clang
Version: 1.6.5
Check: examples
Result: NA
user system elapsed
ggseg 4.454 0.176 5.283
OK
Flavor: r-devel-linux-x86_64-debian-gcc
These binaries (installable software) and packages are in development.
They may not be fully stable and should be used with caution. We make no claims about them.