Last updated on 2025-05-01 12:49:29 CEST.
Flavor | Version | Tinstall | Tcheck | Ttotal | Status | Flags |
---|---|---|---|---|---|---|
r-devel-linux-x86_64-debian-clang | 1.6.3 | 17.80 | 77.10 | 94.90 | NOTE | |
r-devel-linux-x86_64-debian-gcc | 1.6.3 | 13.41 | 53.68 | 67.09 | NOTE | |
r-devel-linux-x86_64-fedora-clang | 1.6.3 | 134.25 | NOTE | |||
r-devel-linux-x86_64-fedora-gcc | 1.6.3 | 134.47 | NOTE | |||
r-devel-windows-x86_64 | 1.6.3 | 18.00 | 85.00 | 103.00 | OK | |
r-patched-linux-x86_64 | 1.6.3 | 17.67 | 70.11 | 87.78 | OK | |
r-release-linux-x86_64 | OK | |||||
r-release-macos-arm64 | 1.6.3 | 46.00 | OK | |||
r-release-macos-x86_64 | 1.6.3 | 85.00 | OK | |||
r-release-windows-x86_64 | 1.6.3 | 21.00 | 89.00 | 110.00 | OK | |
r-oldrel-macos-arm64 | 1.6.3 | 48.00 | OK | |||
r-oldrel-macos-x86_64 | 1.6.3 | 71.00 | OK | |||
r-oldrel-windows-x86_64 | 1.6.3 | 23.00 | 106.00 | 129.00 | OK |
Version: 1.6.3
Check: CRAN incoming feasibility
Result: NOTE
Maintainer: ‘Athanasia Mo Mowinckel <a.m.mowinckel@psykologi.uio.no>’
Package CITATION file contains call(s) to old-style citEntry(). Please
use bibentry() instead.
Flavors: r-devel-linux-x86_64-debian-clang, r-devel-linux-x86_64-debian-gcc
Version: 1.6.3
Check: examples
Result: NOTE
Examples with CPU (user + system) or elapsed time > 5s
user system elapsed
add_glassbrain 6.343 0.397 8.741
ggseg3d 6.477 0.140 8.180
Flavor: r-devel-linux-x86_64-debian-clang
Version: 1.6.3
Check: examples
Result: NA
user system elapsed
add_glassbrain 4.610 0.165 6.118
ggseg3d 4.372 0.106 6.046
OK
Flavor: r-devel-linux-x86_64-debian-gcc
Version: 1.6.3
Check: dependencies in R code
Result: NOTE
Namespaces in Imports field not imported from:
‘magrittr’ ‘utils’
All declared Imports should be used.
Flavors: r-devel-linux-x86_64-fedora-clang, r-devel-linux-x86_64-fedora-gcc
These binaries (installable software) and packages are in development.
They may not be fully stable and should be used with caution. We make no claims about them.