Last updated on 2025-10-25 05:50:03 CEST.
| Flavor | Version | Tinstall | Tcheck | Ttotal | Status | Flags |
|---|---|---|---|---|---|---|
| r-devel-linux-x86_64-debian-clang | 1.6.3 | 16.70 | 86.17 | 102.87 | NOTE | |
| r-devel-linux-x86_64-debian-gcc | 1.6.3 | 12.16 | 61.26 | 73.42 | NOTE | |
| r-devel-linux-x86_64-fedora-clang | 1.6.3 | 39.00 | 119.98 | 158.98 | NOTE | |
| r-devel-linux-x86_64-fedora-gcc | 1.6.3 | 34.00 | 108.38 | 142.38 | NOTE | |
| r-devel-windows-x86_64 | 1.6.3 | 19.00 | 91.00 | 110.00 | OK | |
| r-patched-linux-x86_64 | 1.6.3 | 17.23 | 78.76 | 95.99 | OK | |
| r-release-linux-x86_64 | 1.6.3 | 18.31 | 80.59 | 98.90 | OK | |
| r-release-macos-arm64 | 1.6.3 | 11.00 | 35.00 | 46.00 | OK | |
| r-release-macos-x86_64 | 1.6.3 | 19.00 | 66.00 | 85.00 | OK | |
| r-release-windows-x86_64 | 1.6.3 | 20.00 | 92.00 | 112.00 | OK | |
| r-oldrel-macos-arm64 | 1.6.3 | 11.00 | 37.00 | 48.00 | OK | |
| r-oldrel-macos-x86_64 | 1.6.3 | 13.00 | 58.00 | 71.00 | OK | |
| r-oldrel-windows-x86_64 | 1.6.3 | 25.00 | 122.00 | 147.00 | OK |
Version: 1.6.3
Check: CRAN incoming feasibility
Result: NOTE
Maintainer: ‘Athanasia Mo Mowinckel <a.m.mowinckel@psykologi.uio.no>’
Package CITATION file contains call(s) to old-style citEntry(). Please
use bibentry() instead.
Flavors: r-devel-linux-x86_64-debian-clang, r-devel-linux-x86_64-debian-gcc
Version: 1.6.3
Check: dependencies in R code
Result: NOTE
Namespaces in Imports field not imported from:
‘magrittr’ ‘utils’
All declared Imports should be used.
Flavors: r-devel-linux-x86_64-fedora-clang, r-devel-linux-x86_64-fedora-gcc
These binaries (installable software) and packages are in development.
They may not be fully stable and should be used with caution. We make no claims about them.