Last updated on 2025-02-16 10:50:47 CET.
Flavor | Version | Tinstall | Tcheck | Ttotal | Status | Flags |
---|---|---|---|---|---|---|
r-devel-linux-x86_64-debian-clang | 0.2 | 4.52 | 42.98 | 47.50 | NOTE | |
r-devel-linux-x86_64-debian-gcc | 0.2 | 3.22 | 31.68 | 34.90 | NOTE | |
r-devel-linux-x86_64-fedora-clang | 0.2 | 78.85 | OK | |||
r-devel-linux-x86_64-fedora-gcc | 0.2 | 84.31 | OK | |||
r-devel-macos-arm64 | 0.2 | 33.00 | OK | |||
r-devel-macos-x86_64 | 0.2 | 60.00 | OK | |||
r-devel-windows-x86_64 | 0.2 | 8.00 | 61.00 | 69.00 | NOTE | |
r-patched-linux-x86_64 | 0.2 | 8.36 | 40.14 | 48.50 | OK | |
r-release-linux-x86_64 | 0.2 | 3.97 | 40.55 | 44.52 | OK | |
r-release-macos-arm64 | 0.2 | 31.00 | OK | |||
r-release-macos-x86_64 | 0.2 | 48.00 | OK | |||
r-release-windows-x86_64 | 0.2 | 8.00 | 62.00 | 70.00 | OK | |
r-oldrel-macos-arm64 | 0.2 | 39.00 | OK | |||
r-oldrel-macos-x86_64 | 0.2 | 58.00 | OK | |||
r-oldrel-windows-x86_64 | 0.2 | 9.00 | 72.00 | 81.00 | OK |
Version: 0.2
Check: Rd cross-references
Result: NOTE
Found the following Rd file(s) with Rd \link{} targets missing package
anchors:
ggseqlogo.Rd: facet_wrap
Please provide package anchors for all Rd \link{} targets not in the
package itself and the base packages.
Flavors: r-devel-linux-x86_64-debian-clang, r-devel-linux-x86_64-debian-gcc, r-devel-windows-x86_64
These binaries (installable software) and packages are in development.
They may not be fully stable and should be used with caution. We make no claims about them.