CRAN Package Check Results for Package ggseqlogo

Last updated on 2025-07-25 15:50:01 CEST.

Flavor Version Tinstall Tcheck Ttotal Status Flags
r-devel-linux-x86_64-debian-clang 0.2 4.40 48.65 53.05 NOTE
r-devel-linux-x86_64-debian-gcc 0.2 3.67 35.59 39.26 NOTE
r-devel-linux-x86_64-fedora-clang 0.2 80.52 OK
r-devel-linux-x86_64-fedora-gcc 0.2 88.34 OK
r-devel-windows-x86_64 0.2 7.00 72.00 79.00 NOTE
r-patched-linux-x86_64 0.2 3.97 45.26 49.23 NOTE
r-release-linux-x86_64 0.2 5.09 45.41 50.50 NOTE
r-release-macos-arm64 0.2 39.00 OK
r-release-macos-x86_64 0.2 61.00 OK
r-release-windows-x86_64 0.2 7.00 63.00 70.00 NOTE
r-oldrel-macos-arm64 0.2 31.00 OK
r-oldrel-macos-x86_64 0.2 48.00 OK
r-oldrel-windows-x86_64 0.2 9.00 77.00 86.00 OK

Check Details

Version: 0.2
Check: CRAN incoming feasibility
Result: NOTE Maintainer: ‘Omar Wagih <omarwagih@gmail.com>’ No Authors@R field in DESCRIPTION. Please add one, modifying Authors@R: person(given = "Omar", family = "Wagih", role = c("aut", "cre"), email = "omarwagih@gmail.com") as necessary. Flavors: r-devel-linux-x86_64-debian-clang, r-devel-linux-x86_64-debian-gcc

Version: 0.2
Check: Rd cross-references
Result: NOTE Found the following Rd file(s) with Rd \link{} targets missing package anchors: ggseqlogo.Rd: facet_wrap Please provide package anchors for all Rd \link{} targets not in the package itself and the base packages. Flavors: r-devel-linux-x86_64-debian-clang, r-devel-linux-x86_64-debian-gcc, r-devel-windows-x86_64, r-patched-linux-x86_64, r-release-linux-x86_64, r-release-windows-x86_64

These binaries (installable software) and packages are in development.
They may not be fully stable and should be used with caution. We make no claims about them.