CRAN Package Check Results for Package ggsom

Last updated on 2025-10-23 11:50:14 CEST.

Flavor Version Tinstall Tcheck Ttotal Status Flags
r-devel-linux-x86_64-debian-clang 0.4.0 7.26 59.11 66.37 NOTE
r-devel-linux-x86_64-debian-gcc 0.4.0 4.71 42.50 47.21 NOTE
r-devel-linux-x86_64-fedora-clang 0.4.0 24.00 78.01 102.01 OK
r-devel-linux-x86_64-fedora-gcc 0.4.0 14.00 76.76 90.76 OK
r-devel-windows-x86_64 0.4.0 8.00 67.00 75.00 OK
r-patched-linux-x86_64 0.4.0 6.11 54.99 61.10 OK
r-release-linux-x86_64 0.4.0 7.13 53.72 60.85 OK
r-release-macos-arm64 0.4.0 2.00 23.00 25.00 OK
r-release-macos-x86_64 0.4.0 5.00 40.00 45.00 OK
r-release-windows-x86_64 0.4.0 9.00 67.00 76.00 OK
r-oldrel-macos-arm64 0.4.0 3.00 24.00 27.00 NOTE
r-oldrel-macos-x86_64 0.4.0 4.00 35.00 39.00 NOTE
r-oldrel-windows-x86_64 0.4.0 11.00 87.00 98.00 NOTE

Check Details

Version: 0.4.0
Check: CRAN incoming feasibility
Result: NOTE Maintainer: ‘Felipe Carvalho <lipecaso@gmail.com>’ Package CITATION file contains call(s) to old-style personList() or as.personList(). Please use c() on person objects instead. Package CITATION file contains call(s) to old-style citEntry(). Please use bibentry() instead. Flavors: r-devel-linux-x86_64-debian-clang, r-devel-linux-x86_64-debian-gcc

Version: 0.4.0
Check: LazyData
Result: NOTE 'LazyData' is specified without a 'data' directory Flavors: r-oldrel-macos-arm64, r-oldrel-macos-x86_64, r-oldrel-windows-x86_64

These binaries (installable software) and packages are in development.
They may not be fully stable and should be used with caution. We make no claims about them.