Last updated on 2025-02-23 01:51:41 CET.
Flavor | Version | Tinstall | Tcheck | Ttotal | Status | Flags |
---|---|---|---|---|---|---|
r-devel-linux-x86_64-debian-clang | 1.1.9 | 11.08 | 115.71 | 126.79 | NOTE | |
r-devel-linux-x86_64-debian-gcc | 1.1.9 | 6.57 | 80.74 | 87.31 | NOTE | |
r-devel-linux-x86_64-fedora-clang | 1.1.9 | 192.61 | OK | |||
r-devel-linux-x86_64-fedora-gcc | 1.1.9 | 190.64 | OK | |||
r-devel-macos-arm64 | 1.1.9 | 55.00 | OK | |||
r-devel-macos-x86_64 | 1.1.9 | 120.00 | OK | |||
r-devel-windows-x86_64 | 1.1.9 | 13.00 | 125.00 | 138.00 | NOTE | |
r-patched-linux-x86_64 | 1.1.9 | 16.06 | 108.54 | 124.60 | OK | |
r-release-linux-x86_64 | 1.1.9 | 9.45 | 107.15 | 116.60 | OK | |
r-release-macos-arm64 | 1.1.9 | 57.00 | OK | |||
r-release-macos-x86_64 | 1.1.9 | 84.00 | OK | |||
r-release-windows-x86_64 | 1.1.9 | 14.00 | 124.00 | 138.00 | OK | |
r-oldrel-macos-arm64 | 1.1.9 | 53.00 | OK | |||
r-oldrel-macos-x86_64 | 1.1.9 | 138.00 | OK | |||
r-oldrel-windows-x86_64 | 1.1.9 | 17.00 | 149.00 | 166.00 | OK |
Version: 1.1.9
Check: Rd cross-references
Result: NOTE
Found the following Rd file(s) with Rd \link{} targets missing package
anchors:
layer_spatial.Raster.Rd: geom_raster
layer_spatial.SpatRaster.Rd: geom_raster
layer_spatial.stars.Rd: geom_raster
Please provide package anchors for all Rd \link{} targets not in the
package itself and the base packages.
Flavors: r-devel-linux-x86_64-debian-clang, r-devel-linux-x86_64-debian-gcc, r-devel-windows-x86_64
These binaries (installable software) and packages are in development.
They may not be fully stable and should be used with caution. We make no claims about them.