Last updated on 2025-10-23 17:50:49 CEST.
Flavor | Version | Tinstall | Tcheck | Ttotal | Status | Flags |
---|---|---|---|---|---|---|
r-devel-linux-x86_64-debian-clang | 1.0.6 | 7.40 | 73.03 | 80.43 | NOTE | |
r-devel-linux-x86_64-debian-gcc | 1.0.6 | 5.36 | 50.98 | 56.34 | OK | |
r-devel-linux-x86_64-fedora-clang | 1.0.6 | 18.00 | 106.81 | 124.81 | OK | |
r-devel-linux-x86_64-fedora-gcc | 1.0.6 | 16.00 | 110.63 | 126.63 | OK | |
r-devel-windows-x86_64 | 1.0.6 | 10.00 | 79.00 | 89.00 | OK | |
r-patched-linux-x86_64 | 1.0.6 | 7.24 | 66.74 | 73.98 | OK | |
r-release-linux-x86_64 | 1.0.6 | 7.27 | 67.64 | 74.91 | OK | |
r-release-macos-arm64 | 1.0.6 | 4.00 | 52.00 | 56.00 | OK | |
r-release-macos-x86_64 | 1.0.6 | 7.00 | 75.00 | 82.00 | OK | |
r-release-windows-x86_64 | 1.0.6 | 9.00 | 80.00 | 89.00 | OK | |
r-oldrel-macos-arm64 | 1.0.6 | 4.00 | 49.00 | 53.00 | OK | |
r-oldrel-macos-x86_64 | 1.0.6 | 7.00 | 81.00 | 88.00 | OK | |
r-oldrel-windows-x86_64 | 1.0.6 | 12.00 | 104.00 | 116.00 | OK |
Version: 1.0.6
Check: HTML version of manual
Result: NOTE
Found the following HTML validation problems:
scale_starshape.html:172:1 (scale_starshape.Rd:82): Warning: missing </ul> before </div>
starshape_pal.html:46:1 (starshape_pal.Rd:10): Warning: missing </ul> before </div>
Flavor: r-devel-linux-x86_64-debian-clang
These binaries (installable software) and packages are in development.
They may not be fully stable and should be used with caution. We make no claims about them.