Last updated on 2024-07-27 15:50:19 CEST.
Flavor | Version | Tinstall | Tcheck | Ttotal | Status | Flags |
---|---|---|---|---|---|---|
r-devel-linux-x86_64-debian-clang | 1.0.4 | 6.51 | 56.80 | 63.31 | OK | |
r-devel-linux-x86_64-debian-gcc | 1.0.4 | OK | ||||
r-devel-linux-x86_64-fedora-clang | 1.0.4 | 80.02 | NOTE | |||
r-devel-linux-x86_64-fedora-gcc | 1.0.4 | 85.95 | OK | |||
r-devel-windows-x86_64 | 1.0.4 | 7.00 | 62.00 | 69.00 | OK | |
r-patched-linux-x86_64 | 1.0.4 | OK | ||||
r-release-linux-x86_64 | 1.0.4 | 5.07 | 54.43 | 59.50 | OK | |
r-release-macos-arm64 | 1.0.4 | 32.00 | OK | |||
r-release-macos-x86_64 | 1.0.4 | 67.00 | OK | |||
r-release-windows-x86_64 | 1.0.4 | 7.00 | 62.00 | 69.00 | OK | |
r-oldrel-macos-arm64 | 1.0.4 | 33.00 | OK | |||
r-oldrel-macos-x86_64 | 1.0.4 | 49.00 | OK | |||
r-oldrel-windows-x86_64 | 1.0.4 | 9.00 | 76.00 | 85.00 | OK |
Version: 1.0.4
Check: Rd cross-references
Result: NOTE
Undeclared package ‘rlang’ in Rd xrefs
Flavor: r-devel-linux-x86_64-fedora-clang
These binaries (installable software) and packages are in development.
They may not be fully stable and should be used with caution. We make no claims about them.