Last updated on 2024-06-22 19:58:05 CEST.
Flavor | Version | Tinstall | Tcheck | Ttotal | Status | Flags |
---|---|---|---|---|---|---|
r-devel-linux-x86_64-debian-clang | 0.1.0 | 5.83 | 39.41 | 45.24 | OK | |
r-devel-linux-x86_64-debian-gcc | 0.1.0 | 3.98 | 30.62 | 34.60 | OK | |
r-devel-linux-x86_64-fedora-clang | 0.1.0 | 60.49 | NOTE | |||
r-devel-linux-x86_64-fedora-gcc | 0.1.0 | 52.09 | NOTE | |||
r-devel-windows-x86_64 | 0.1.0 | 6.00 | 49.00 | 55.00 | OK | |
r-patched-linux-x86_64 | 0.1.0 | 3.89 | 38.91 | 42.80 | OK | |
r-release-linux-x86_64 | 0.1.0 | 4.71 | 38.41 | 43.12 | OK | |
r-release-macos-arm64 | 0.1.0 | 21.00 | OK | |||
r-release-macos-x86_64 | 0.1.0 | 38.00 | OK | |||
r-release-windows-x86_64 | 0.1.0 | 6.00 | 50.00 | 56.00 | OK | |
r-oldrel-macos-arm64 | 0.1.0 | 21.00 | OK | |||
r-oldrel-macos-x86_64 | 0.1.0 | 31.00 | OK | |||
r-oldrel-windows-x86_64 | 0.1.0 | 7.00 | 54.00 | 61.00 | OK |
Version: 0.1.0
Check: dependencies in R code
Result: NOTE
Namespace in Imports field not imported from: ‘tidyr’
All declared Imports should be used.
Flavors: r-devel-linux-x86_64-fedora-clang, r-devel-linux-x86_64-fedora-gcc
These binaries (installable software) and packages are in development.
They may not be fully stable and should be used with caution. We make no claims about them.