CRAN Package Check Results for Package ggstream

Last updated on 2025-05-23 07:51:01 CEST.

Flavor Version Tinstall Tcheck Ttotal Status Flags
r-devel-linux-x86_64-debian-clang 0.1.0 4.33 34.93 39.26 OK
r-devel-linux-x86_64-debian-gcc 0.1.0 3.56 25.11 28.67 OK
r-devel-linux-x86_64-fedora-clang 0.1.0 61.77 NOTE
r-devel-linux-x86_64-fedora-gcc 0.1.0 58.31 NOTE
r-devel-windows-x86_64 0.1.0 9.00 53.00 62.00 OK
r-patched-linux-x86_64 0.1.0 4.08 32.03 36.11 OK
r-release-linux-x86_64 0.1.0 4.48 32.80 37.28 OK
r-release-macos-arm64 0.1.0 19.00 OK
r-release-macos-x86_64 0.1.0 36.00 OK
r-release-windows-x86_64 0.1.0 8.00 53.00 61.00 OK
r-oldrel-macos-arm64 0.1.0 21.00 OK
r-oldrel-macos-x86_64 0.1.0 38.00 OK
r-oldrel-windows-x86_64 0.1.0 7.00 60.00 67.00 OK

Check Details

Version: 0.1.0
Check: dependencies in R code
Result: NOTE Namespace in Imports field not imported from: ‘tidyr’ All declared Imports should be used. Flavors: r-devel-linux-x86_64-fedora-clang, r-devel-linux-x86_64-fedora-gcc

These binaries (installable software) and packages are in development.
They may not be fully stable and should be used with caution. We make no claims about them.