Last updated on 2025-02-23 07:51:54 CET.
Flavor | Version | Tinstall | Tcheck | Ttotal | Status | Flags |
---|---|---|---|---|---|---|
r-devel-linux-x86_64-debian-clang | 0.1.1-1 | 4.31 | 35.28 | 39.59 | NOTE | |
r-devel-linux-x86_64-debian-gcc | 0.1.1-1 | 3.44 | 25.96 | 29.40 | NOTE | |
r-devel-linux-x86_64-fedora-clang | 0.1.1-1 | 62.91 | OK | |||
r-devel-linux-x86_64-fedora-gcc | 0.1.1-1 | 57.98 | OK | |||
r-devel-macos-arm64 | 0.1.1-1 | 22.00 | OK | |||
r-devel-macos-x86_64 | 0.1.1-1 | 38.00 | OK | |||
r-devel-windows-x86_64 | 0.1.1-1 | 5.00 | 53.00 | 58.00 | NOTE | |
r-patched-linux-x86_64 | 0.1.1-1 | 8.64 | 32.48 | 41.12 | OK | |
r-release-linux-x86_64 | 0.1.1-1 | 4.56 | 32.36 | 36.92 | OK | |
r-release-macos-arm64 | 0.1.1-1 | 23.00 | OK | |||
r-release-macos-x86_64 | 0.1.1-1 | 31.00 | OK | |||
r-release-windows-x86_64 | 0.1.1-1 | 6.00 | 54.00 | 60.00 | OK | |
r-oldrel-macos-arm64 | 0.1.1-1 | 23.00 | OK | |||
r-oldrel-macos-x86_64 | 0.1.1-1 | 33.00 | OK | |||
r-oldrel-windows-x86_64 | 0.1.1-1 | 7.00 | 59.00 | 66.00 | OK |
Version: 0.1.1-1
Check: Rd cross-references
Result: NOTE
Found the following Rd file(s) with Rd \link{} targets missing package
anchors:
geom_student.Rd: aes, aes_, ggplot, fortify, borders
Please provide package anchors for all Rd \link{} targets not in the
package itself and the base packages.
Flavors: r-devel-linux-x86_64-debian-clang, r-devel-linux-x86_64-debian-gcc, r-devel-windows-x86_64
These binaries (installable software) and packages are in development.
They may not be fully stable and should be used with caution. We make no claims about them.