CRAN Package Check Results for Package ggsurvey

Last updated on 2025-07-22 19:51:49 CEST.

Flavor Version Tinstall Tcheck Ttotal Status Flags
r-devel-linux-x86_64-debian-clang 1.0.0 11.52 109.75 121.27 NOTE
r-devel-linux-x86_64-debian-gcc 1.0.0 8.31 77.49 85.80 NOTE
r-devel-linux-x86_64-fedora-clang 1.0.0 176.73 OK
r-devel-linux-x86_64-fedora-gcc 1.0.0 164.94 OK
r-devel-windows-x86_64 1.0.0 12.00 114.00 126.00 OK
r-patched-linux-x86_64 1.0.0 11.14 101.34 112.48 OK
r-release-linux-x86_64 1.0.0 9.96 100.31 110.27 OK
r-release-macos-arm64 1.0.0 60.00 OK
r-release-macos-x86_64 1.0.0 90.00 OK
r-release-windows-x86_64 1.0.0 13.00 109.00 122.00 OK
r-oldrel-macos-arm64 1.0.0 48.00 OK
r-oldrel-macos-x86_64 1.0.0 73.00 OK
r-oldrel-windows-x86_64 1.0.0 15.00 143.00 158.00 OK

Check Details

Version: 1.0.0
Check: CRAN incoming feasibility
Result: NOTE Maintainer: ‘Brittany Alexander <balexanderstatistics@gmail.com>’ No Authors@R field in DESCRIPTION. Please add one, modifying Authors@R: person(given = "Brittany", family = "Alexander", role = c("aut", "cre"), email = "balexanderstatistics@gmail.com") as necessary. Flavors: r-devel-linux-x86_64-debian-clang, r-devel-linux-x86_64-debian-gcc

These binaries (installable software) and packages are in development.
They may not be fully stable and should be used with caution. We make no claims about them.