Last updated on 2025-05-08 04:52:06 CEST.
Flavor | Version | Tinstall | Tcheck | Ttotal | Status | Flags |
---|---|---|---|---|---|---|
r-devel-linux-x86_64-debian-clang | 0.0.6 | 5.95 | 84.10 | 90.05 | NOTE | |
r-devel-linux-x86_64-debian-gcc | 0.0.6 | 4.39 | 60.73 | 65.12 | NOTE | |
r-devel-linux-x86_64-fedora-clang | 0.0.6 | 145.98 | NOTE | |||
r-devel-linux-x86_64-fedora-gcc | 0.0.6 | 161.84 | NOTE | |||
r-devel-windows-x86_64 | 0.0.6 | 7.00 | 111.00 | 118.00 | NOTE | |
r-patched-linux-x86_64 | 0.0.6 | 6.55 | 81.02 | 87.57 | NOTE | |
r-release-linux-x86_64 | 0.0.6 | 5.58 | 82.01 | 87.59 | NOTE | |
r-release-macos-arm64 | 0.0.6 | 40.00 | NOTE | |||
r-release-macos-x86_64 | 0.0.6 | 81.00 | NOTE | |||
r-release-windows-x86_64 | 0.0.6 | 9.00 | 109.00 | 118.00 | NOTE | |
r-oldrel-macos-arm64 | 0.0.6 | 47.00 | OK | |||
r-oldrel-macos-x86_64 | 0.0.6 | 90.00 | OK | |||
r-oldrel-windows-x86_64 | 0.0.6 | 10.00 | 112.00 | 122.00 | OK |
Version: 0.0.6
Check: DESCRIPTION meta-information
Result: NOTE
Missing dependency on R >= 4.1.0 because package code uses the pipe
|> or function shorthand \(...) syntax added in R 4.1.0.
File(s) using such syntax:
‘cnet.r’ ‘graph.r’
Flavors: r-devel-linux-x86_64-debian-clang, r-devel-linux-x86_64-debian-gcc, r-devel-linux-x86_64-fedora-clang, r-devel-linux-x86_64-fedora-gcc, r-devel-windows-x86_64, r-patched-linux-x86_64, r-release-linux-x86_64, r-release-macos-arm64, r-release-macos-x86_64, r-release-windows-x86_64
These binaries (installable software) and packages are in development.
They may not be fully stable and should be used with caution. We make no claims about them.