Last updated on 2025-10-23 15:49:56 CEST.
Flavor | Version | Tinstall | Tcheck | Ttotal | Status | Flags |
---|---|---|---|---|---|---|
r-devel-linux-x86_64-debian-clang | 3.5.0 | 2.63 | 3.42 | 6.05 | ERROR | |
r-devel-linux-x86_64-debian-gcc | 3.5.0 | 1.50 | 2.76 | 4.26 | ERROR | |
r-devel-linux-x86_64-fedora-clang | 3.5.0 | 12.00 | -4.49 | 7.51 | ERROR | |
r-devel-linux-x86_64-fedora-gcc | 3.5.0 | 6.72 | ERROR | |||
r-devel-windows-x86_64 | 3.5.0 | 4.00 | 5.00 | 9.00 | ERROR | |
r-patched-linux-x86_64 | 3.5.0 | 2.27 | 2.47 | 4.74 | ERROR | |
r-release-linux-x86_64 | 3.5.0 | 2.07 | 2.31 | 4.38 | ERROR | |
r-release-macos-arm64 | 3.5.0 | 8.00 | 58.00 | 66.00 | OK | |
r-release-macos-x86_64 | 3.5.0 | 13.00 | 108.00 | 121.00 | OK | |
r-release-windows-x86_64 | 3.5.0 | 4.00 | 5.00 | 9.00 | ERROR | |
r-oldrel-macos-arm64 | 3.5.0 | 7.00 | 51.00 | 58.00 | OK | |
r-oldrel-macos-x86_64 | 3.5.0 | 10.00 | 82.00 | 92.00 | OK | |
r-oldrel-windows-x86_64 | 3.5.0 | 5.00 | 9.00 | 14.00 | ERROR |
Version: 3.5.0
Check: whether package can be installed
Result: ERROR
Installation failed.
Flavors: r-devel-linux-x86_64-debian-clang, r-devel-linux-x86_64-debian-gcc, r-devel-linux-x86_64-fedora-clang, r-devel-linux-x86_64-fedora-gcc, r-devel-windows-x86_64, r-patched-linux-x86_64, r-release-linux-x86_64, r-release-windows-x86_64, r-oldrel-windows-x86_64
These binaries (installable software) and packages are in development.
They may not be fully stable and should be used with caution. We make no claims about them.