Last updated on 2025-11-12 23:50:45 CET.
| Flavor | Version | Tinstall | Tcheck | Ttotal | Status | Flags |
|---|---|---|---|---|---|---|
| r-devel-linux-x86_64-debian-clang | 3.5.0 | 2.09 | 3.59 | 5.68 | ERROR | |
| r-devel-linux-x86_64-debian-gcc | 3.5.0 | 2.20 | 2.70 | 4.90 | ERROR | |
| r-devel-linux-x86_64-fedora-clang | 3.5.0 | 19.00 | -11.01 | 7.99 | ERROR | |
| r-devel-linux-x86_64-fedora-gcc | 3.5.0 | 6.95 | ERROR | |||
| r-devel-windows-x86_64 | 3.5.0 | 3.00 | 7.00 | 10.00 | ERROR | |
| r-patched-linux-x86_64 | 3.5.0 | 2.61 | 2.29 | 4.90 | ERROR | |
| r-release-linux-x86_64 | 3.5.0 | 2.05 | 2.28 | 4.33 | ERROR | |
| r-release-macos-arm64 | 3.5.0 | 8.00 | 58.00 | 66.00 | OK | |
| r-release-macos-x86_64 | 3.5.0 | 13.00 | 108.00 | 121.00 | OK | |
| r-release-windows-x86_64 | 3.5.0 | 4.00 | 6.00 | 10.00 | ERROR | |
| r-oldrel-macos-arm64 | 3.5.0 | 7.00 | 51.00 | 58.00 | OK | |
| r-oldrel-macos-x86_64 | 3.5.0 | 10.00 | 82.00 | 92.00 | OK | |
| r-oldrel-windows-x86_64 | 3.5.0 | 5.00 | 9.00 | 14.00 | ERROR |
Version: 3.5.0
Check: whether package can be installed
Result: ERROR
Installation failed.
Flavors: r-devel-linux-x86_64-debian-clang, r-devel-linux-x86_64-debian-gcc, r-devel-linux-x86_64-fedora-clang, r-devel-linux-x86_64-fedora-gcc, r-devel-windows-x86_64, r-patched-linux-x86_64, r-release-linux-x86_64, r-release-windows-x86_64, r-oldrel-windows-x86_64
These binaries (installable software) and packages are in development.
They may not be fully stable and should be used with caution. We make no claims about them.