Last updated on 2025-11-11 15:50:35 CET.
| Flavor | Version | Tinstall | Tcheck | Ttotal | Status | Flags |
|---|---|---|---|---|---|---|
| r-devel-linux-x86_64-debian-clang | 5.1.0 | 10.25 | 131.16 | 141.41 | NOTE | |
| r-devel-linux-x86_64-debian-gcc | 5.1.0 | 6.95 | 87.87 | 94.82 | NOTE | |
| r-devel-linux-x86_64-fedora-clang | 5.1.0 | 27.00 | 188.34 | 215.34 | OK | |
| r-devel-linux-x86_64-fedora-gcc | 5.1.0 | 25.00 | 174.07 | 199.07 | OK | |
| r-devel-windows-x86_64 | 5.1.0 | 13.00 | 147.00 | 160.00 | NOTE | |
| r-patched-linux-x86_64 | 5.1.0 | 12.32 | 123.44 | 135.76 | NOTE | |
| r-release-linux-x86_64 | 5.1.0 | 10.00 | 122.49 | 132.49 | NOTE | |
| r-release-macos-arm64 | 5.1.0 | 4.00 | 49.00 | 53.00 | OK | |
| r-release-macos-x86_64 | 5.1.0 | 8.00 | 79.00 | 87.00 | OK | |
| r-release-windows-x86_64 | 5.1.0 | 13.00 | 139.00 | 152.00 | NOTE | |
| r-oldrel-macos-arm64 | 5.1.0 | 4.00 | 43.00 | 47.00 | OK | |
| r-oldrel-macos-x86_64 | 5.1.0 | 6.00 | 66.00 | 72.00 | OK | |
| r-oldrel-windows-x86_64 | 5.1.0 | 18.00 | 182.00 | 200.00 | OK |
Version: 5.1.0
Check: Rd cross-references
Result: NOTE
Found the following Rd file(s) with Rd \link{} targets missing package
anchors:
geom_tufteboxplot.Rd: stat_boxplot, geom_boxplot
scale_color_tableau.Rd: discrete_scale
scale_colour_canva.Rd: discrete_scale
theme_solid.Rd: theme
theme_tufte.Rd: geom_rug
Please provide package anchors for all Rd \link{} targets not in the
package itself and the base packages.
Flavors: r-devel-linux-x86_64-debian-clang, r-devel-linux-x86_64-debian-gcc, r-devel-windows-x86_64, r-patched-linux-x86_64, r-release-linux-x86_64, r-release-windows-x86_64
These binaries (installable software) and packages are in development.
They may not be fully stable and should be used with caution. We make no claims about them.