Last updated on 2025-02-16 12:53:36 CET.
Flavor | Version | Tinstall | Tcheck | Ttotal | Status | Flags |
---|---|---|---|---|---|---|
r-devel-linux-x86_64-debian-clang | 0.1.0 | 5.78 | 31.35 | 37.13 | NOTE | |
r-devel-linux-x86_64-debian-gcc | 0.1.0 | 3.88 | 23.25 | 27.13 | NOTE | |
r-devel-linux-x86_64-fedora-clang | 0.1.0 | 60.00 | NOTE | |||
r-devel-linux-x86_64-fedora-gcc | 0.1.0 | 54.75 | NOTE | |||
r-devel-macos-arm64 | 0.1.0 | 22.00 | OK | |||
r-devel-macos-x86_64 | 0.1.0 | 36.00 | NOTE | |||
r-devel-windows-x86_64 | 0.1.0 | 8.00 | 53.00 | 61.00 | NOTE | |
r-patched-linux-x86_64 | 0.1.0 | 5.69 | 29.18 | 34.87 | OK | |
r-release-linux-x86_64 | 0.1.0 | 5.02 | 29.21 | 34.23 | OK | |
r-release-macos-arm64 | 0.1.0 | 20.00 | OK | |||
r-release-macos-x86_64 | 0.1.0 | 30.00 | OK | |||
r-release-windows-x86_64 | 0.1.0 | 8.00 | 57.00 | 65.00 | OK | |
r-oldrel-macos-arm64 | 0.1.0 | 21.00 | OK | |||
r-oldrel-macos-x86_64 | 0.1.0 | 45.00 | OK | |||
r-oldrel-windows-x86_64 | 0.1.0 | 10.00 | 60.00 | 70.00 | OK |
Version: 0.1.0
Check: DESCRIPTION meta-information
Result: NOTE
Missing dependency on R >= 4.1.0 because package code uses the pipe
|> or function shorthand \(...) syntax added in R 4.1.0.
File(s) using such syntax:
‘stat-series-circles.R’
Flavors: r-devel-linux-x86_64-debian-clang, r-devel-linux-x86_64-debian-gcc, r-devel-linux-x86_64-fedora-clang, r-devel-linux-x86_64-fedora-gcc, r-devel-macos-x86_64, r-devel-windows-x86_64
These binaries (installable software) and packages are in development.
They may not be fully stable and should be used with caution. We make no claims about them.