Last updated on 2025-11-11 17:50:00 CET.
| Flavor | Version | Tinstall | Tcheck | Ttotal | Status | Flags |
|---|---|---|---|---|---|---|
| r-devel-linux-x86_64-debian-clang | 0.0.1 | 1.72 | 21.37 | 23.09 | NOTE | |
| r-devel-linux-x86_64-debian-gcc | 0.0.1 | 1.37 | 17.17 | 18.54 | NOTE | |
| r-devel-linux-x86_64-fedora-clang | 0.0.1 | 32.99 | OK | |||
| r-devel-linux-x86_64-fedora-gcc | 0.0.1 | 30.96 | OK | |||
| r-devel-windows-x86_64 | 0.0.1 | 4.00 | 40.00 | 44.00 | OK | |
| r-patched-linux-x86_64 | 0.0.1 | 1.67 | 20.24 | 21.91 | OK | |
| r-release-linux-x86_64 | 0.0.1 | 1.61 | 20.01 | 21.62 | OK | |
| r-release-macos-arm64 | 0.0.1 | 1.00 | 20.00 | 21.00 | OK | |
| r-release-macos-x86_64 | 0.0.1 | 2.00 | 21.00 | 23.00 | OK | |
| r-release-windows-x86_64 | 0.0.1 | 3.00 | 40.00 | 43.00 | OK | |
| r-oldrel-macos-arm64 | 0.0.1 | 1.00 | 13.00 | 14.00 | OK | |
| r-oldrel-macos-x86_64 | 0.0.1 | 2.00 | 18.00 | 20.00 | OK | |
| r-oldrel-windows-x86_64 | 0.0.1 | 3.00 | 41.00 | 44.00 | OK |
Version: 0.0.1
Check: CRAN incoming feasibility
Result: NOTE
Maintainer: ‘Raymond L. Tremblay <raymondtremblay1@mac.com>’
No Authors@R field in DESCRIPTION.
Please add one, modifying
Authors@R: c(person(given = c("Raymond", ">"),
family = "Tremblay",
role = "aut"),
person(given = c("Raymond", "L."),
family = "Tremblay",
role = "cre",
email = "raymondtremblay1@mac.com"))
as necessary.
Flavors: r-devel-linux-x86_64-debian-clang, r-devel-linux-x86_64-debian-gcc
These binaries (installable software) and packages are in development.
They may not be fully stable and should be used with caution. We make no claims about them.