Last updated on 2025-02-16 10:50:47 CET.
Flavor | Version | Tinstall | Tcheck | Ttotal | Status | Flags |
---|---|---|---|---|---|---|
r-devel-linux-x86_64-debian-clang | 0.4.9 | 11.17 | 89.48 | 100.65 | NOTE | |
r-devel-linux-x86_64-debian-gcc | 0.4.9 | 6.39 | 59.37 | 65.76 | NOTE | |
r-devel-linux-x86_64-fedora-clang | 0.4.9 | 159.97 | OK | |||
r-devel-linux-x86_64-fedora-gcc | 0.4.9 | 140.10 | OK | |||
r-devel-macos-arm64 | 0.4.9 | 43.00 | OK | |||
r-devel-macos-x86_64 | 0.4.9 | 91.00 | OK | |||
r-devel-windows-x86_64 | 0.4.9 | 12.00 | 114.00 | 126.00 | OK | |
r-patched-linux-x86_64 | 0.4.9 | 9.87 | 80.23 | 90.10 | OK | |
r-release-linux-x86_64 | 0.4.9 | 9.89 | 80.83 | 90.72 | OK | |
r-release-macos-arm64 | 0.4.9 | 42.00 | OK | |||
r-release-macos-x86_64 | 0.4.9 | 68.00 | OK | |||
r-release-windows-x86_64 | 0.4.9 | 12.00 | 118.00 | 130.00 | OK | |
r-oldrel-macos-arm64 | 0.4.9 | 52.00 | OK | |||
r-oldrel-macos-x86_64 | 0.4.9 | 88.00 | OK | |||
r-oldrel-windows-x86_64 | 0.4.9 | 16.00 | 130.00 | 146.00 | OK |
Version: 0.4.9
Check: for unstated dependencies in ‘demo’
Result: NOTE
'library' or 'require' calls not declared from:
‘nasaweather’ ‘tourr’
'data(package=)' call not declared from: ‘ggplot2’
Flavors: r-devel-linux-x86_64-debian-clang, r-devel-linux-x86_64-debian-gcc
These binaries (installable software) and packages are in development.
They may not be fully stable and should be used with caution. We make no claims about them.