CRAN Package Check Results for Package ggvis

Last updated on 2025-05-08 04:52:06 CEST.

Flavor Version Tinstall Tcheck Ttotal Status Flags
r-devel-linux-x86_64-debian-clang 0.4.9 9.59 89.38 98.97 NOTE
r-devel-linux-x86_64-debian-gcc 0.4.9 6.43 63.10 69.53 NOTE
r-devel-linux-x86_64-fedora-clang 0.4.9 154.88 OK
r-devel-linux-x86_64-fedora-gcc 0.4.9 156.36 OK
r-devel-windows-x86_64 0.4.9 13.00 124.00 137.00 OK
r-patched-linux-x86_64 0.4.9 10.00 83.95 93.95 NOTE
r-release-linux-x86_64 0.4.9 8.49 85.25 93.74 NOTE
r-release-macos-arm64 0.4.9 48.00 OK
r-release-macos-x86_64 0.4.9 80.00 OK
r-release-windows-x86_64 0.4.9 12.00 125.00 137.00 OK
r-oldrel-macos-arm64 0.4.9 42.00 OK
r-oldrel-macos-x86_64 0.4.9 68.00 OK
r-oldrel-windows-x86_64 0.4.9 16.00 135.00 151.00 OK

Check Details

Version: 0.4.9
Check: for unstated dependencies in ‘demo’
Result: NOTE 'library' or 'require' calls not declared from: ‘nasaweather’ ‘tourr’ 'data(package=)' call not declared from: ‘ggplot2’ Flavors: r-devel-linux-x86_64-debian-clang, r-devel-linux-x86_64-debian-gcc, r-patched-linux-x86_64, r-release-linux-x86_64

These binaries (installable software) and packages are in development.
They may not be fully stable and should be used with caution. We make no claims about them.