Last updated on 2025-02-16 10:50:47 CET.
Flavor | Version | Tinstall | Tcheck | Ttotal | Status | Flags |
---|---|---|---|---|---|---|
r-devel-linux-x86_64-debian-clang | 1.0.1 | 3.64 | 27.03 | 30.67 | OK | |
r-devel-linux-x86_64-debian-gcc | 1.0.1 | 2.12 | 21.10 | 23.22 | OK | |
r-devel-linux-x86_64-fedora-clang | 1.0.1 | 50.42 | OK | |||
r-devel-linux-x86_64-fedora-gcc | 1.0.1 | 46.67 | OK | |||
r-devel-macos-arm64 | 1.0.1 | 37.00 | OK | |||
r-devel-macos-x86_64 | 1.0.1 | 48.00 | OK | |||
r-devel-windows-x86_64 | 1.0.1 | 65.00 | 11.00 | 76.00 | ERROR | |
r-patched-linux-x86_64 | 1.0.1 | 3.55 | 25.96 | 29.51 | OK | |
r-release-linux-x86_64 | 1.0.1 | 2.91 | 26.06 | 28.97 | OK | |
r-release-macos-arm64 | 1.0.1 | 36.00 | NOTE | |||
r-release-macos-x86_64 | 1.0.1 | 47.00 | NOTE | |||
r-release-windows-x86_64 | 1.0.1 | 9.00 | 51.00 | 60.00 | NOTE | |
r-oldrel-macos-arm64 | 1.0.1 | 41.00 | NOTE | |||
r-oldrel-macos-x86_64 | 1.0.1 | 60.00 | NOTE | |||
r-oldrel-windows-x86_64 | 1.0.1 | 66.00 | 12.00 | 78.00 | NOTE |
Version: 1.0.1
Check: whether package can be installed
Result: ERROR
Installation failed.
Flavor: r-devel-windows-x86_64
Version: 1.0.1
Check: installed package size
Result: NOTE
installed size is 18.0Mb
sub-directories of 1Mb or more:
Giac 17.9Mb
Flavors: r-release-macos-arm64, r-release-macos-x86_64, r-release-windows-x86_64, r-oldrel-macos-arm64, r-oldrel-macos-x86_64, r-oldrel-windows-x86_64
These binaries (installable software) and packages are in development.
They may not be fully stable and should be used with caution. We make no claims about them.