CRAN Package Check Results for Package giacR

Last updated on 2025-07-02 01:51:39 CEST.

Flavor Version Tinstall Tcheck Ttotal Status Flags
r-devel-linux-x86_64-debian-clang 1.0.1 3.56 29.29 32.85 OK
r-devel-linux-x86_64-debian-gcc 1.0.1 2.88 23.44 26.32 OK
r-devel-linux-x86_64-fedora-clang 1.0.1 46.51 OK
r-devel-linux-x86_64-fedora-gcc 1.0.1 45.56 OK
r-devel-windows-x86_64 1.0.1 9.00 60.00 69.00 OK
r-patched-linux-x86_64 OK
r-release-linux-x86_64 1.0.1 3.63 27.15 30.78 OK
r-release-macos-arm64 1.0.1 40.00 OK
r-release-macos-x86_64 1.0.1 73.00 OK
r-release-windows-x86_64 1.0.1 9.00 50.00 59.00 OK
r-oldrel-macos-arm64 1.0.1 36.00 NOTE
r-oldrel-macos-x86_64 1.0.1 47.00 NOTE
r-oldrel-windows-x86_64 1.0.1 11.00 55.00 66.00 NOTE

Check Details

Version: 1.0.1
Check: installed package size
Result: NOTE installed size is 18.0Mb sub-directories of 1Mb or more: Giac 17.9Mb Flavors: r-oldrel-macos-arm64, r-oldrel-macos-x86_64, r-oldrel-windows-x86_64

These binaries (installable software) and packages are in development.
They may not be fully stable and should be used with caution. We make no claims about them.