Last updated on 2025-05-21 21:49:18 CEST.
Flavor | Version | Tinstall | Tcheck | Ttotal | Status | Flags |
---|---|---|---|---|---|---|
r-devel-linux-x86_64-debian-clang | 1.1.2 | 90.58 | 50.74 | 141.32 | OK | |
r-devel-linux-x86_64-debian-gcc | 1.1.2 | 68.09 | 36.76 | 104.85 | OK | |
r-devel-linux-x86_64-fedora-clang | 1.1.2 | 283.15 | OK | |||
r-devel-linux-x86_64-fedora-gcc | 1.1.2 | 297.85 | OK | |||
r-devel-windows-x86_64 | 1.1.2 | 163.00 | 151.00 | 314.00 | OK | |
r-patched-linux-x86_64 | 1.1.2 | 95.82 | 45.72 | 141.54 | OK | |
r-release-linux-x86_64 | 1.1.2 | 93.47 | 45.85 | 139.32 | OK | |
r-release-macos-arm64 | 1.1.2 | 60.00 | OK | |||
r-release-macos-x86_64 | 1.1.2 | 71.00 | OK | |||
r-release-windows-x86_64 | 1.1.2 | 164.00 | 110.00 | 274.00 | OK | |
r-oldrel-macos-arm64 | 1.1.2 | 65.00 | NOTE | |||
r-oldrel-macos-x86_64 | 1.1.2 | 87.00 | NOTE | |||
r-oldrel-windows-x86_64 | 1.1.2 | 190.00 | 106.00 | 296.00 | NOTE |
Version: 1.1.2
Check: installed package size
Result: NOTE
installed size is 7.4Mb
sub-directories of 1Mb or more:
libs 7.1Mb
Flavors: r-oldrel-macos-arm64, r-oldrel-macos-x86_64
Version: 1.1.2
Check: for GNU extensions in Makefiles
Result: NOTE
GNU make is a SystemRequirements.
Flavors: r-oldrel-macos-arm64, r-oldrel-macos-x86_64, r-oldrel-windows-x86_64
These binaries (installable software) and packages are in development.
They may not be fully stable and should be used with caution. We make no claims about them.