Last updated on 2025-02-19 16:50:49 CET.
Flavor | Version | Tinstall | Tcheck | Ttotal | Status | Flags |
---|---|---|---|---|---|---|
r-devel-linux-x86_64-debian-clang | 0.1.1 | 28.58 | 61.26 | 89.84 | OK | |
r-devel-linux-x86_64-debian-gcc | 0.1.1 | 19.94 | 46.52 | 66.46 | OK | |
r-devel-linux-x86_64-fedora-clang | 0.1.1 | 144.38 | OK | |||
r-devel-linux-x86_64-fedora-gcc | 0.1.1 | 158.94 | OK | |||
r-devel-macos-arm64 | 0.1.1 | 49.00 | OK | |||
r-devel-macos-x86_64 | 0.1.1 | 84.00 | OK | |||
r-devel-windows-x86_64 | 0.1.1 | 27.00 | 93.00 | 120.00 | OK | |
r-patched-linux-x86_64 | 0.1.1 | 27.47 | 59.54 | 87.01 | OK | |
r-release-linux-x86_64 | 0.1.1 | 25.39 | 58.69 | 84.08 | OK | |
r-release-macos-arm64 | 0.1.1 | 48.00 | NOTE | |||
r-release-macos-x86_64 | 0.1.1 | 69.00 | NOTE | |||
r-release-windows-x86_64 | 0.1.1 | 28.00 | 98.00 | 126.00 | OK | |
r-oldrel-macos-arm64 | 0.1.1 | 54.00 | NOTE | |||
r-oldrel-macos-x86_64 | 0.1.1 | 123.00 | NOTE | |||
r-oldrel-windows-x86_64 | 0.1.1 | 35.00 | 99.00 | 134.00 | OK |
Version: 0.1.1
Check: installed package size
Result: NOTE
installed size is 6.2Mb
sub-directories of 1Mb or more:
doc 1.1Mb
libs 4.9Mb
Flavors: r-release-macos-arm64, r-release-macos-x86_64, r-oldrel-macos-arm64, r-oldrel-macos-x86_64
These binaries (installable software) and packages are in development.
They may not be fully stable and should be used with caution. We make no claims about them.