Last updated on 2025-10-04 11:50:36 CEST.
Flavor | Version | Tinstall | Tcheck | Ttotal | Status | Flags |
---|---|---|---|---|---|---|
r-devel-linux-x86_64-debian-clang | 0.1.1 | 25.71 | 64.55 | 90.26 | NOTE | |
r-devel-linux-x86_64-debian-gcc | 0.1.1 | 18.73 | 49.14 | 67.87 | NOTE | |
r-devel-linux-x86_64-fedora-clang | 0.1.1 | 134.47 | OK | |||
r-devel-linux-x86_64-fedora-gcc | 0.1.1 | 151.82 | OK | |||
r-devel-windows-x86_64 | 0.1.1 | 31.00 | 93.00 | 124.00 | OK | |
r-patched-linux-x86_64 | 0.1.1 | 23.48 | 61.61 | 85.09 | OK | |
r-release-linux-x86_64 | 0.1.1 | 25.13 | 62.41 | 87.54 | OK | |
r-release-macos-arm64 | 0.1.1 | 59.00 | OK | |||
r-release-macos-x86_64 | 0.1.1 | 85.00 | OK | |||
r-release-windows-x86_64 | 0.1.1 | 29.00 | 91.00 | 120.00 | OK | |
r-oldrel-macos-arm64 | 0.1.1 | 48.00 | NOTE | |||
r-oldrel-macos-x86_64 | 0.1.1 | 69.00 | NOTE | |||
r-oldrel-windows-x86_64 | 0.1.1 | 36.00 | 113.00 | 149.00 | OK |
Version: 0.1.1
Check: CRAN incoming feasibility
Result: NOTE
Maintainer: ‘Shiyun Lin <linshy27@mail2.sysu.edu.cn>’
The Description field contains
<arXiv:1407.7819>. Secondly, a closed form solution for graphical lasso
Please refer to arXiv e-prints via their arXiv DOI <doi:10.48550/arXiv.YYMM.NNNNN>.
Flavors: r-devel-linux-x86_64-debian-clang, r-devel-linux-x86_64-debian-gcc
Version: 0.1.1
Check: installed package size
Result: NOTE
installed size is 6.2Mb
sub-directories of 1Mb or more:
doc 1.1Mb
libs 4.9Mb
Flavors: r-oldrel-macos-arm64, r-oldrel-macos-x86_64
These binaries (installable software) and packages are in development.
They may not be fully stable and should be used with caution. We make no claims about them.