Last updated on 2024-07-27 15:50:19 CEST.
Flavor | Version | Tinstall | Tcheck | Ttotal | Status | Flags |
---|---|---|---|---|---|---|
r-devel-linux-x86_64-debian-clang | 1.12.0-2 | 197.01 | 21.66 | 218.67 | OK | |
r-devel-linux-x86_64-debian-gcc | 1.12.0-2 | OK | ||||
r-devel-linux-x86_64-fedora-clang | 1.12.0-2 | 329.94 | OK | |||
r-devel-linux-x86_64-fedora-gcc | 1.12.0-2 | 324.27 | OK | |||
r-devel-windows-x86_64 | 1.12.0-2 | 106.00 | 57.00 | 163.00 | OK | |
r-patched-linux-x86_64 | 1.12.0-2 | OK | ||||
r-release-linux-x86_64 | 1.12.0-2 | 194.16 | 20.65 | 214.81 | OK | |
r-release-macos-arm64 | 1.12.0-2 | 64.00 | NOTE | |||
r-release-macos-x86_64 | 1.12.0-2 | 68.00 | NOTE | |||
r-release-windows-x86_64 | 1.12.0-2 | 128.00 | 64.00 | 192.00 | OK | |
r-oldrel-macos-arm64 | 1.12.0-2 | 65.00 | NOTE | |||
r-oldrel-macos-x86_64 | 1.12.0-2 | 81.00 | NOTE | |||
r-oldrel-windows-x86_64 | 1.12.0-2 | 113.00 | 75.00 | 188.00 | OK |
Version: 1.12.0-2
Check: installed package size
Result: NOTE
installed size is 8.8Mb
sub-directories of 1Mb or more:
libs 8.7Mb
Flavors: r-release-macos-arm64, r-release-macos-x86_64, r-oldrel-macos-arm64, r-oldrel-macos-x86_64
These binaries (installable software) and packages are in development.
They may not be fully stable and should be used with caution. We make no claims about them.