CRAN Package Check Results for Package gim

Last updated on 2025-07-02 03:50:42 CEST.

Flavor Version Tinstall Tcheck Ttotal Status Flags
r-devel-linux-x86_64-debian-clang 0.33.1 6.59 53.31 59.90 NOTE
r-devel-linux-x86_64-debian-gcc 0.33.1 4.31 41.33 45.64 NOTE
r-devel-linux-x86_64-fedora-clang 0.33.1 87.75 OK
r-devel-linux-x86_64-fedora-gcc 0.33.1 98.97 OK
r-devel-windows-x86_64 0.33.1 8.00 79.00 87.00 OK
r-patched-linux-x86_64 OK
r-release-linux-x86_64 0.33.1 5.82 51.17 56.99 OK
r-release-macos-arm64 0.33.1 38.00 OK
r-release-macos-x86_64 0.33.1 77.00 OK
r-release-windows-x86_64 0.33.1 9.00 69.00 78.00 OK
r-oldrel-macos-arm64 0.33.1 35.00 OK
r-oldrel-macos-x86_64 0.33.1 68.00 OK
r-oldrel-windows-x86_64 0.33.1 9.00 80.00 89.00 OK

Check Details

Version: 0.33.1
Check: CRAN incoming feasibility
Result: NOTE Maintainer: ‘Han Zhang <zhangh.ustc@gmail.com>’ No Authors@R field in DESCRIPTION. Please add one, modifying Authors@R: c(person(given = "Han", family = "Zhang", role = c("aut", "cre"), email = "zhangh.ustc@gmail.com"), person(given = "Kai", family = "Yu", role = "aut")) as necessary. Flavors: r-devel-linux-x86_64-debian-clang, r-devel-linux-x86_64-debian-gcc

These binaries (installable software) and packages are in development.
They may not be fully stable and should be used with caution. We make no claims about them.