CRAN Package Check Results for Package ginormal

Last updated on 2025-11-14 13:56:32 CET.

Flavor Version Tinstall Tcheck Ttotal Status Flags
r-devel-linux-x86_64-debian-clang 0.0.2 3.31 21.89 25.20 NOTE
r-devel-linux-x86_64-debian-gcc 0.0.2 2.31 17.81 20.12 NOTE
r-devel-linux-x86_64-fedora-clang 0.0.2 36.43 NOTE
r-devel-linux-x86_64-fedora-gcc 0.0.2 34.30 NOTE
r-devel-windows-x86_64 0.0.2 7.00 43.00 50.00 NOTE
r-patched-linux-x86_64 0.0.2 2.94 20.49 23.43 NOTE
r-release-linux-x86_64 0.0.2 2.56 20.52 23.08 NOTE
r-release-macos-arm64 0.0.2 3.00 16.00 19.00 NOTE
r-release-macos-x86_64 0.0.2 7.00 24.00 31.00 NOTE
r-release-windows-x86_64 0.0.2 5.00 41.00 46.00 NOTE
r-oldrel-macos-arm64 0.0.2 3.00 15.00 18.00 OK
r-oldrel-macos-x86_64 0.0.2 5.00 23.00 28.00 OK
r-oldrel-windows-x86_64 0.0.2 7.00 47.00 54.00 OK

Check Details

Version: 0.0.2
Check: DESCRIPTION meta-information
Result: NOTE Missing dependency on R >= 4.1.0 because package code uses the pipe |> or function shorthand \(...) syntax added in R 4.1.0. File(s) using such syntax: ‘rtgin1.R’ Flavors: r-devel-linux-x86_64-debian-clang, r-devel-linux-x86_64-debian-gcc, r-devel-linux-x86_64-fedora-clang, r-devel-linux-x86_64-fedora-gcc, r-devel-windows-x86_64, r-patched-linux-x86_64, r-release-linux-x86_64, r-release-macos-arm64, r-release-macos-x86_64, r-release-windows-x86_64

These binaries (installable software) and packages are in development.
They may not be fully stable and should be used with caution. We make no claims about them.